Apr 14 22:34:40.275747 npc99a84aae6d34 nova-conductor[104725]: DEBUG cotyledon.oslo_config_glue [-] oslo_messaging_rabbit.ssl_enforce_fips_mode = False {{(pid=104725) log_opt_values /opt/stack/data/venv/lib/python3.13/site-packages/oslo_config/cfg.py:3006}}
Apr 14 22:34:40.276379 npc99a84aae6d34 nova-conductor[104725]: DEBUG cotyledon.oslo_config_glue [-] oslo_messaging_rabbit.ssl_key_file = {{(pid=104725) log_opt_values /opt/stack/data/venv/lib/python3.13/site-packages/oslo_config/cfg.py:3006}}
Apr 14 22:34:40.276379 npc99a84aae6d34 nova-conductor[104725]: DEBUG cotyledon.oslo_config_glue [-] oslo_messaging_rabbit.ssl_version = {{(pid=104725) log_opt_values /opt/stack/data/venv/lib/python3.13/site-packages/oslo_config/cfg.py:3006}}
Apr 14 22:34:40.276379 npc99a84aae6d34 nova-conductor[104725]: DEBUG cotyledon.oslo_config_glue [-] oslo_messaging_rabbit.use_queue_manager = False {{(pid=104725) log_opt_values /opt/stack/data/venv/lib/python3.13/site-packages/oslo_config/cfg.py:3006}}
Apr 14 22:34:40.276379 npc99a84aae6d34 nova-conductor[104725]: DEBUG cotyledon.oslo_config_glue [-] oslo_messaging_notifications.driver = ['messagingv2'] {{(pid=104725) log_opt_values /opt/stack/data/venv/lib/python3.13/site-packages/oslo_config/cfg.py:3006}}
Apr 14 22:34:40.276379 npc99a84aae6d34 nova-conductor[104725]: DEBUG cotyledon.oslo_config_glue [-] oslo_messaging_notifications.retry = -1 {{(pid=104725) log_opt_values /opt/stack/data/venv/lib/python3.13/site-packages/oslo_config/cfg.py:3006}}
Apr 14 22:34:40.276379 npc99a84aae6d34 nova-conductor[104725]: DEBUG cotyledon.oslo_config_glue [-] oslo_messaging_notifications.topics = ['notifications'] {{(pid=104725) log_opt_values /opt/stack/data/venv/lib/python3.13/site-packages/oslo_config/cfg.py:3006}}
Apr 14 22:34:40.276379 npc99a84aae6d34 nova-conductor[104725]: DEBUG cotyledon.oslo_config_glue [-] oslo_messaging_notifications.transport_url = **** {{(pid=104725) log_opt_values /opt/stack/data/venv/lib/python3.13/site-packages/oslo_config/cfg.py:3006}}
Apr 14 22:34:40.276379 npc99a84aae6d34 nova-conductor[104725]: DEBUG cotyledon.oslo_config_glue [-] oslo_limit.auth_section = None {{(pid=104725) log_opt_values /opt/stack/data/venv/lib/python3.13/site-packages/oslo_config/cfg.py:3006}}
Apr 14 22:34:40.276379 npc99a84aae6d34 nova-conductor[104725]: DEBUG cotyledon.oslo_config_glue [-] oslo_limit.auth_type = None {{(pid=104725) log_opt_values /opt/stack/data/venv/lib/python3.13/site-packages/oslo_config/cfg.py:3006}}
Apr 14 22:34:40.276986 npc99a84aae6d34 nova-conductor[104725]: DEBUG cotyledon.oslo_config_glue [-] oslo_limit.cafile = None {{(pid=104725) log_opt_values /opt/stack/data/venv/lib/python3.13/site-packages/oslo_config/cfg.py:3006}}
Apr 14 22:34:40.276986 npc99a84aae6d34 nova-conductor[104725]: DEBUG cotyledon.oslo_config_glue [-] oslo_limit.certfile = None {{(pid=104725) log_opt_values /opt/stack/data/venv/lib/python3.13/site-packages/oslo_config/cfg.py:3006}}
Apr 14 22:34:40.276986 npc99a84aae6d34 nova-conductor[104725]: DEBUG cotyledon.oslo_config_glue [-] oslo_limit.collect_timing = False {{(pid=104725) log_opt_values /opt/stack/data/venv/lib/python3.13/site-packages/oslo_config/cfg.py:3006}}
Apr 14 22:34:40.276986 npc99a84aae6d34 nova-conductor[104725]: DEBUG cotyledon.oslo_config_glue [-] oslo_limit.connect_retries = None {{(pid=104725) log_opt_values /opt/stack/data/venv/lib/python3.13/site-packages/oslo_config/cfg.py:3006}}
Apr 14 22:34:40.276986 npc99a84aae6d34 nova-conductor[104725]: DEBUG cotyledon.oslo_config_glue [-] oslo_limit.connect_retry_delay = None {{(pid=104725) log_opt_values /opt/stack/data/venv/lib/python3.13/site-packages/oslo_config/cfg.py:3006}}
Apr 14 22:34:40.276986 npc99a84aae6d34 nova-conductor[104725]: DEBUG cotyledon.oslo_config_glue [-] oslo_limit.endpoint_id = None {{(pid=104725) log_opt_values /opt/stack/data/venv/lib/python3.13/site-packages/oslo_config/cfg.py:3006}}
Apr 14 22:34:40.277367 npc99a84aae6d34 nova-conductor[104725]: DEBUG cotyledon.oslo_config_glue [-] oslo_limit.endpoint_interface = public {{(pid=104725) log_opt_values /opt/stack/data/venv/lib/python3.13/site-packages/oslo_config/cfg.py:3006}}
Apr 14 22:34:40.277367 npc99a84aae6d34 nova-conductor[104725]: DEBUG cotyledon.oslo_config_glue [-] oslo_limit.endpoint_override = None {{(pid=104725) log_opt_values /opt/stack/data/venv/lib/python3.13/site-packages/oslo_config/cfg.py:3006}}
Apr 14 22:34:40.277367 npc99a84aae6d34 nova-conductor[104725]: DEBUG cotyledon.oslo_config_glue [-] oslo_limit.endpoint_region_name = None {{(pid=104725) log_opt_values /opt/stack/data/venv/lib/python3.13/site-packages/oslo_config/cfg.py:3006}}
Apr 14 22:34:40.278387 npc99a84aae6d34 nova-conductor[104725]: DEBUG cotyledon.oslo_config_glue [-] oslo_limit.endpoint_service_name = None {{(pid=104725) log_opt_values /opt/stack/data/venv/lib/python3.13/site-packages/oslo_config/cfg.py:3006}}
Apr 14 22:34:40.281061 npc99a84aae6d34 nova-conductor[104725]: DEBUG cotyledon.oslo_config_glue [-] oslo_limit.endpoint_service_type = None {{(pid=104725) log_opt_values /opt/stack/data/venv/lib/python3.13/site-packages/oslo_config/cfg.py:3006}}
Apr 14 22:34:40.281276 npc99a84aae6d34 nova-conductor[104725]: DEBUG cotyledon.oslo_config_glue [-] oslo_limit.insecure = False {{(pid=104725) log_opt_values /opt/stack/data/venv/lib/python3.13/site-packages/oslo_config/cfg.py:3006}}
Apr 14 22:34:40.281441 npc99a84aae6d34 nova-conductor[104725]: DEBUG cotyledon.oslo_config_glue [-] oslo_limit.keyfile = None {{(pid=104725) log_opt_values /opt/stack/data/venv/lib/python3.13/site-packages/oslo_config/cfg.py:3006}}
Apr 14 22:34:40.281572 npc99a84aae6d34 nova-conductor[104725]: DEBUG cotyledon.oslo_config_glue [-] oslo_limit.max_version = None {{(pid=104725) log_opt_values /opt/stack/data/venv/lib/python3.13/site-packages/oslo_config/cfg.py:3006}}
Apr 14 22:34:40.281708 npc99a84aae6d34 nova-conductor[104725]: DEBUG cotyledon.oslo_config_glue [-] oslo_limit.min_version = None {{(pid=104725) log_opt_values /opt/stack/data/venv/lib/python3.13/site-packages/oslo_config/cfg.py:3006}}
Apr 14 22:34:40.281845 npc99a84aae6d34 nova-conductor[104725]: DEBUG cotyledon.oslo_config_glue [-] oslo_limit.region_name = None {{(pid=104725) log_opt_values /opt/stack/data/venv/lib/python3.13/site-packages/oslo_config/cfg.py:3006}}
Apr 14 22:34:40.281935 npc99a84aae6d34 nova-conductor[104725]: DEBUG cotyledon.oslo_config_glue [-] oslo_limit.retriable_status_codes = None {{(pid=104725) log_opt_values /opt/stack/data/venv/lib/python3.13/site-packages/oslo_config/cfg.py:3006}}
Apr 14 22:34:40.282010 npc99a84aae6d34 nova-conductor[104725]: DEBUG cotyledon.oslo_config_glue [-] oslo_limit.service_name = None {{(pid=104725) log_opt_values /opt/stack/data/venv/lib/python3.13/site-packages/oslo_config/cfg.py:3006}}
Apr 14 22:34:40.282078 npc99a84aae6d34 nova-conductor[104725]: DEBUG cotyledon.oslo_config_glue [-] oslo_limit.service_type = None {{(pid=104725) log_opt_values /opt/stack/data/venv/lib/python3.13/site-packages/oslo_config/cfg.py:3006}}
Apr 14 22:34:40.282149 npc99a84aae6d34 nova-conductor[104725]: DEBUG cotyledon.oslo_config_glue [-] oslo_limit.split_loggers = False {{(pid=104725) log_opt_values /opt/stack/data/venv/lib/python3.13/site-packages/oslo_config/cfg.py:3006}}
Apr 14 22:34:40.282214 npc99a84aae6d34 nova-conductor[104725]: DEBUG cotyledon.oslo_config_glue [-] oslo_limit.status_code_retries = None {{(pid=104725) log_opt_values /opt/stack/data/venv/lib/python3.13/site-packages/oslo_config/cfg.py:3006}}
Apr 14 22:34:40.282277 npc99a84aae6d34 nova-conductor[104725]: DEBUG cotyledon.oslo_config_glue [-] oslo_limit.status_code_retry_delay = None {{(pid=104725) log_opt_values /opt/stack/data/venv/lib/python3.13/site-packages/oslo_config/cfg.py:3006}}
Apr 14 22:34:40.282339 npc99a84aae6d34 nova-conductor[104725]: DEBUG cotyledon.oslo_config_glue [-] oslo_limit.timeout = None {{(pid=104725) log_opt_values /opt/stack/data/venv/lib/python3.13/site-packages/oslo_config/cfg.py:3006}}
Apr 14 22:34:40.282399 npc99a84aae6d34 nova-conductor[104725]: DEBUG cotyledon.oslo_config_glue [-] oslo_limit.valid_interfaces = None {{(pid=104725) log_opt_values /opt/stack/data/venv/lib/python3.13/site-packages/oslo_config/cfg.py:3006}}
Apr 14 22:34:40.282477 npc99a84aae6d34 nova-conductor[104725]: DEBUG cotyledon.oslo_config_glue [-] oslo_limit.version = None {{(pid=104725) log_opt_values /opt/stack/data/venv/lib/python3.13/site-packages/oslo_config/cfg.py:3006}}
Apr 14 22:34:40.282587 npc99a84aae6d34 nova-conductor[104725]: DEBUG cotyledon.oslo_config_glue [-] oslo_reports.file_event_handler = None {{(pid=104725) log_opt_values /opt/stack/data/venv/lib/python3.13/site-packages/oslo_config/cfg.py:3006}}
Apr 14 22:34:40.282665 npc99a84aae6d34 nova-conductor[104725]: DEBUG cotyledon.oslo_config_glue [-] oslo_reports.file_event_handler_interval = 1 {{(pid=104725) log_opt_values /opt/stack/data/venv/lib/python3.13/site-packages/oslo_config/cfg.py:3006}}
Apr 14 22:34:40.282751 npc99a84aae6d34 nova-conductor[104725]: DEBUG cotyledon.oslo_config_glue [-] oslo_reports.log_dir = None {{(pid=104725) log_opt_values /opt/stack/data/venv/lib/python3.13/site-packages/oslo_config/cfg.py:3006}}
Apr 14 22:34:40.282817 npc99a84aae6d34 nova-conductor[104725]: DEBUG cotyledon.oslo_config_glue [-] ******************************************************************************** {{(pid=104725) log_opt_values /opt/stack/data/venv/lib/python3.13/site-packages/oslo_config/cfg.py:3013}}
Apr 14 22:34:40.283048 npc99a84aae6d34 nova-conductor[104725]: DEBUG cotyledon._service_worker [-] Run service ServiceWrapper(1) [104725] {{(pid=104725) wait_forever /opt/stack/data/venv/lib/python3.13/site-packages/cotyledon/_service_worker.py:218}}
Apr 14 22:34:40.284302 npc99a84aae6d34 nova-conductor[104725]: INFO nova.service [-] Starting conductor node (version 33.1.0)
Apr 14 22:34:40.284833 npc99a84aae6d34 nova-conductor[104721]: DEBUG dbcounter [-] [104721] Writer thread running {{(pid=104721) stat_writer /opt/stack/data/venv/lib/python3.13/site-packages/dbcounter.py:102}}
Apr 14 22:34:40.300407 npc99a84aae6d34 nova-conductor[104725]: INFO dbcounter [None req-679c2d6f-0e5f-48ae-be03-2652d9ef9ec2 None None] Registered counter for database nova_cell0
Apr 14 22:34:40.315569 npc99a84aae6d34 nova-conductor[104725]: DEBUG oslo_db.sqlalchemy.engines [None req-679c2d6f-0e5f-48ae-be03-2652d9ef9ec2 None None] MySQL server mode set to STRICT_TRANS_TABLES,STRICT_ALL_TABLES,NO_ZERO_IN_DATE,NO_ZERO_DATE,ERROR_FOR_DIVISION_BY_ZERO,TRADITIONAL,NO_AUTO_CREATE_USER,NO_ENGINE_SUBSTITUTION {{(pid=104725) _check_effective_sql_mode /opt/stack/data/venv/lib/python3.13/site-packages/oslo_db/sqlalchemy/engines.py:325}}
Apr 14 22:34:40.333079 npc99a84aae6d34 nova-conductor[104725]: DEBUG dbcounter [-] [104725] Writer thread running {{(pid=104725) stat_writer /opt/stack/data/venv/lib/python3.13/site-packages/dbcounter.py:102}}
Apr 14 22:34:40.342515 npc99a84aae6d34 nova-conductor[104721]: DEBUG nova.service [None req-4a33c5fb-6d8f-4bfb-b431-2fc421e7877e None None] Creating RPC server for service: nova-conductor on topic: conductor {{(pid=104721) start /opt/stack/nova/nova/service.py:195}}
Apr 14 22:34:40.367704 npc99a84aae6d34 nova-conductor[104725]: DEBUG nova.service [None req-679c2d6f-0e5f-48ae-be03-2652d9ef9ec2 None None] Creating RPC server for service: nova-conductor on topic: conductor {{(pid=104725) start /opt/stack/nova/nova/service.py:195}}
Apr 14 22:34:40.397010 npc99a84aae6d34 nova-conductor[104721]: DEBUG nova.service [None req-4a33c5fb-6d8f-4bfb-b431-2fc421e7877e None None] Join ServiceGroup membership for this service conductor {{(pid=104721) start /opt/stack/nova/nova/service.py:221}}
Apr 14 22:34:40.398048 npc99a84aae6d34 nova-conductor[104721]: DEBUG nova.servicegroup.drivers.db [None req-4a33c5fb-6d8f-4bfb-b431-2fc421e7877e None None] DB_Driver: join new ServiceGroup member npc99a84aae6d34 to the conductor group, service = {{(pid=104721) join /opt/stack/nova/nova/servicegroup/drivers/db.py:44}}
Apr 14 22:34:40.403836 npc99a84aae6d34 nova-conductor[104725]: DEBUG nova.service [None req-679c2d6f-0e5f-48ae-be03-2652d9ef9ec2 None None] Join ServiceGroup membership for this service conductor {{(pid=104725) start /opt/stack/nova/nova/service.py:221}}
Apr 14 22:34:40.404361 npc99a84aae6d34 nova-conductor[104725]: DEBUG nova.servicegroup.drivers.db [None req-679c2d6f-0e5f-48ae-be03-2652d9ef9ec2 None None] DB_Driver: join new ServiceGroup member npc99a84aae6d34 to the conductor group, service = {{(pid=104725) join /opt/stack/nova/nova/servicegroup/drivers/db.py:44}}
Apr 14 22:34:45.416186 npc99a84aae6d34 nova-conductor[104721]: DEBUG oslo.service.backend._threading.loopingcall [-] Fixed interval looping call 'nova.servicegroup.drivers.db.DbDriver._report_state' sleeping for 119.99 seconds {{(pid=104721) _run_loop /opt/stack/data/venv/lib/python3.13/site-packages/oslo_service/backend/_threading/loopingcall.py:125}}
Apr 14 22:34:45.419469 npc99a84aae6d34 nova-conductor[104725]: DEBUG oslo.service.backend._threading.loopingcall [-] Fixed interval looping call 'nova.servicegroup.drivers.db.DbDriver._report_state' sleeping for 119.99 seconds {{(pid=104725) _run_loop /opt/stack/data/venv/lib/python3.13/site-packages/oslo_service/backend/_threading/loopingcall.py:125}}
Apr 14 22:34:48.771950 npc99a84aae6d34 nova-conductor[103157]: DEBUG dbcounter [-] [103157] Writing DB stats nova_api:SELECT=1 {{(pid=103157) stat_writer /opt/stack/data/venv/lib/python3.13/site-packages/dbcounter.py:115}}
Apr 14 22:34:48.903241 npc99a84aae6d34 nova-conductor[103157]: DEBUG dbcounter [-] [103157] Writing DB stats nova_cell0:SELECT=1 {{(pid=103157) stat_writer /opt/stack/data/venv/lib/python3.13/site-packages/dbcounter.py:115}}
Apr 14 22:34:48.906048 npc99a84aae6d34 nova-conductor[103157]: DEBUG dbcounter [-] [103157] Writing DB stats nova_cell1:SELECT=1 {{(pid=103157) stat_writer /opt/stack/data/venv/lib/python3.13/site-packages/dbcounter.py:115}}
Apr 14 22:34:55.413583 npc99a84aae6d34 nova-conductor[104721]: DEBUG dbcounter [-] [104721] Writing DB stats nova_cell0:SELECT=4,nova_cell0:INSERT=1,nova_cell0:UPDATE=1 {{(pid=104721) stat_writer /opt/stack/data/venv/lib/python3.13/site-packages/dbcounter.py:115}}
Apr 14 22:34:55.419200 npc99a84aae6d34 nova-conductor[104725]: DEBUG dbcounter [-] [104725] Writing DB stats nova_cell0:SELECT=4,nova_cell0:INSERT=1,nova_cell0:UPDATE=1 {{(pid=104725) stat_writer /opt/stack/data/venv/lib/python3.13/site-packages/dbcounter.py:115}}
Apr 14 22:35:10.405749 npc99a84aae6d34 nova-conductor[104721]: DEBUG oslo.service.backend._threading.loopingcall [None req-ef455d0a-f04f-4f86-b220-4a859cb22cee None None] Dynamic interval looping call 'nova.service.Service.periodic_tasks' sleeping for 60.00 seconds {{(pid=104721) _run_loop /opt/stack/data/venv/lib/python3.13/site-packages/oslo_service/backend/_threading/loopingcall.py:125}}
Apr 14 22:35:19.408344 npc99a84aae6d34 nova-conductor[104725]: DEBUG oslo.service.backend._threading.loopingcall [None req-1f2a7cb7-55c6-4bf5-bf5b-aebd87f8656e None None] Dynamic interval looping call 'nova.service.Service.periodic_tasks' sleeping for 60.00 seconds {{(pid=104725) _run_loop /opt/stack/data/venv/lib/python3.13/site-packages/oslo_service/backend/_threading/loopingcall.py:125}}
Apr 14 22:36:10.407603 npc99a84aae6d34 nova-conductor[104721]: DEBUG oslo.service.backend._threading.loopingcall [None req-ef455d0a-f04f-4f86-b220-4a859cb22cee None None] Dynamic interval looping call 'nova.service.Service.periodic_tasks' sleeping for 60.00 seconds {{(pid=104721) _run_loop /opt/stack/data/venv/lib/python3.13/site-packages/oslo_service/backend/_threading/loopingcall.py:125}}
Apr 14 22:36:19.410621 npc99a84aae6d34 nova-conductor[104725]: DEBUG oslo.service.backend._threading.loopingcall [None req-1f2a7cb7-55c6-4bf5-bf5b-aebd87f8656e None None] Dynamic interval looping call 'nova.service.Service.periodic_tasks' sleeping for 60.00 seconds {{(pid=104725) _run_loop /opt/stack/data/venv/lib/python3.13/site-packages/oslo_service/backend/_threading/loopingcall.py:125}}
Apr 14 22:36:45.423555 npc99a84aae6d34 nova-conductor[104725]: DEBUG oslo.service.backend._threading.loopingcall [-] Fixed interval looping call 'nova.servicegroup.drivers.db.DbDriver._report_state' sleeping for 119.99 seconds {{(pid=104725) _run_loop /opt/stack/data/venv/lib/python3.13/site-packages/oslo_service/backend/_threading/loopingcall.py:125}}
Apr 14 22:36:45.424534 npc99a84aae6d34 nova-conductor[104721]: DEBUG oslo.service.backend._threading.loopingcall [-] Fixed interval looping call 'nova.servicegroup.drivers.db.DbDriver._report_state' sleeping for 119.98 seconds {{(pid=104721) _run_loop /opt/stack/data/venv/lib/python3.13/site-packages/oslo_service/backend/_threading/loopingcall.py:125}}
Apr 14 22:36:55.419487 npc99a84aae6d34 nova-conductor[104721]: DEBUG dbcounter [-] [104721] Writing DB stats nova_cell0:SELECT=1,nova_cell0:UPDATE=1 {{(pid=104721) stat_writer /opt/stack/data/venv/lib/python3.13/site-packages/dbcounter.py:115}}
Apr 14 22:36:55.420473 npc99a84aae6d34 nova-conductor[104725]: DEBUG dbcounter [-] [104725] Writing DB stats nova_cell0:SELECT=1,nova_cell0:UPDATE=1 {{(pid=104725) stat_writer /opt/stack/data/venv/lib/python3.13/site-packages/dbcounter.py:115}}
Apr 14 22:37:10.409469 npc99a84aae6d34 nova-conductor[104721]: DEBUG oslo.service.backend._threading.loopingcall [None req-ef455d0a-f04f-4f86-b220-4a859cb22cee None None] Dynamic interval looping call 'nova.service.Service.periodic_tasks' sleeping for 60.00 seconds {{(pid=104721) _run_loop /opt/stack/data/venv/lib/python3.13/site-packages/oslo_service/backend/_threading/loopingcall.py:125}}
Apr 14 22:37:19.412353 npc99a84aae6d34 nova-conductor[104725]: DEBUG oslo.service.backend._threading.loopingcall [None req-1f2a7cb7-55c6-4bf5-bf5b-aebd87f8656e None None] Dynamic interval looping call 'nova.service.Service.periodic_tasks' sleeping for 60.00 seconds {{(pid=104725) _run_loop /opt/stack/data/venv/lib/python3.13/site-packages/oslo_service/backend/_threading/loopingcall.py:125}}
Apr 14 22:38:10.411867 npc99a84aae6d34 nova-conductor[104721]: DEBUG oslo.service.backend._threading.loopingcall [None req-ef455d0a-f04f-4f86-b220-4a859cb22cee None None] Dynamic interval looping call 'nova.service.Service.periodic_tasks' sleeping for 60.00 seconds {{(pid=104721) _run_loop /opt/stack/data/venv/lib/python3.13/site-packages/oslo_service/backend/_threading/loopingcall.py:125}}
Apr 14 22:38:19.414729 npc99a84aae6d34 nova-conductor[104725]: DEBUG oslo.service.backend._threading.loopingcall [None req-1f2a7cb7-55c6-4bf5-bf5b-aebd87f8656e None None] Dynamic interval looping call 'nova.service.Service.periodic_tasks' sleeping for 60.00 seconds {{(pid=104725) _run_loop /opt/stack/data/venv/lib/python3.13/site-packages/oslo_service/backend/_threading/loopingcall.py:125}}
Apr 14 22:38:45.416003 npc99a84aae6d34 nova-conductor[104721]: DEBUG oslo.service.backend._threading.loopingcall [-] Fixed interval looping call 'nova.servicegroup.drivers.db.DbDriver._report_state' sleeping for 119.99 seconds {{(pid=104721) _run_loop /opt/stack/data/venv/lib/python3.13/site-packages/oslo_service/backend/_threading/loopingcall.py:125}}
Apr 14 22:38:45.421479 npc99a84aae6d34 nova-conductor[104725]: DEBUG oslo.service.backend._threading.loopingcall [-] Fixed interval looping call 'nova.servicegroup.drivers.db.DbDriver._report_state' sleeping for 119.99 seconds {{(pid=104725) _run_loop /opt/stack/data/venv/lib/python3.13/site-packages/oslo_service/backend/_threading/loopingcall.py:125}}
Apr 14 22:38:55.413872 npc99a84aae6d34 nova-conductor[104721]: DEBUG dbcounter [-] [104721] Writing DB stats nova_cell0:SELECT=1,nova_cell0:UPDATE=1 {{(pid=104721) stat_writer /opt/stack/data/venv/lib/python3.13/site-packages/dbcounter.py:115}}
Apr 14 22:38:55.418707 npc99a84aae6d34 nova-conductor[104725]: DEBUG dbcounter [-] [104725] Writing DB stats nova_cell0:SELECT=1 {{(pid=104725) stat_writer /opt/stack/data/venv/lib/python3.13/site-packages/dbcounter.py:115}}
Apr 14 22:39:10.415311 npc99a84aae6d34 nova-conductor[104721]: DEBUG oslo.service.backend._threading.loopingcall [None req-ef455d0a-f04f-4f86-b220-4a859cb22cee None None] Dynamic interval looping call 'nova.service.Service.periodic_tasks' sleeping for 60.00 seconds {{(pid=104721) _run_loop /opt/stack/data/venv/lib/python3.13/site-packages/oslo_service/backend/_threading/loopingcall.py:125}}
Apr 14 22:39:19.416565 npc99a84aae6d34 nova-conductor[104725]: DEBUG oslo.service.backend._threading.loopingcall [None req-1f2a7cb7-55c6-4bf5-bf5b-aebd87f8656e None None] Dynamic interval looping call 'nova.service.Service.periodic_tasks' sleeping for 60.00 seconds {{(pid=104725) _run_loop /opt/stack/data/venv/lib/python3.13/site-packages/oslo_service/backend/_threading/loopingcall.py:125}}
Apr 14 22:40:10.416716 npc99a84aae6d34 nova-conductor[104721]: DEBUG oslo.service.backend._threading.loopingcall [None req-ef455d0a-f04f-4f86-b220-4a859cb22cee None None] Dynamic interval looping call 'nova.service.Service.periodic_tasks' sleeping for 60.00 seconds {{(pid=104721) _run_loop /opt/stack/data/venv/lib/python3.13/site-packages/oslo_service/backend/_threading/loopingcall.py:125}}
Apr 14 22:40:19.419230 npc99a84aae6d34 nova-conductor[104725]: DEBUG oslo.service.backend._threading.loopingcall [None req-1f2a7cb7-55c6-4bf5-bf5b-aebd87f8656e None None] Dynamic interval looping call 'nova.service.Service.periodic_tasks' sleeping for 60.00 seconds {{(pid=104725) _run_loop /opt/stack/data/venv/lib/python3.13/site-packages/oslo_service/backend/_threading/loopingcall.py:125}}
Apr 14 22:40:45.418652 npc99a84aae6d34 nova-conductor[104721]: DEBUG oslo.service.backend._threading.loopingcall [-] Fixed interval looping call 'nova.servicegroup.drivers.db.DbDriver._report_state' sleeping for 119.99 seconds {{(pid=104721) _run_loop /opt/stack/data/venv/lib/python3.13/site-packages/oslo_service/backend/_threading/loopingcall.py:125}}
Apr 14 22:40:45.420785 npc99a84aae6d34 nova-conductor[104725]: DEBUG oslo.service.backend._threading.loopingcall [-] Fixed interval looping call 'nova.servicegroup.drivers.db.DbDriver._report_state' sleeping for 119.99 seconds {{(pid=104725) _run_loop /opt/stack/data/venv/lib/python3.13/site-packages/oslo_service/backend/_threading/loopingcall.py:125}}
Apr 14 22:40:55.415538 npc99a84aae6d34 nova-conductor[104721]: DEBUG dbcounter [-] [104721] Writing DB stats nova_cell0:SELECT=1,nova_cell0:UPDATE=1 {{(pid=104721) stat_writer /opt/stack/data/venv/lib/python3.13/site-packages/dbcounter.py:115}}
Apr 14 22:40:55.418977 npc99a84aae6d34 nova-conductor[104725]: DEBUG dbcounter [-] [104725] Writing DB stats nova_cell0:SELECT=1,nova_cell0:UPDATE=1 {{(pid=104725) stat_writer /opt/stack/data/venv/lib/python3.13/site-packages/dbcounter.py:115}}
Apr 14 22:41:10.418306 npc99a84aae6d34 nova-conductor[104721]: DEBUG oslo.service.backend._threading.loopingcall [None req-ef455d0a-f04f-4f86-b220-4a859cb22cee None None] Dynamic interval looping call 'nova.service.Service.periodic_tasks' sleeping for 60.00 seconds {{(pid=104721) _run_loop /opt/stack/data/venv/lib/python3.13/site-packages/oslo_service/backend/_threading/loopingcall.py:125}}
Apr 14 22:41:19.420631 npc99a84aae6d34 nova-conductor[104725]: DEBUG oslo.service.backend._threading.loopingcall [None req-1f2a7cb7-55c6-4bf5-bf5b-aebd87f8656e None None] Dynamic interval looping call 'nova.service.Service.periodic_tasks' sleeping for 60.00 seconds {{(pid=104725) _run_loop /opt/stack/data/venv/lib/python3.13/site-packages/oslo_service/backend/_threading/loopingcall.py:125}}
Apr 14 22:42:10.420030 npc99a84aae6d34 nova-conductor[104721]: DEBUG oslo.service.backend._threading.loopingcall [None req-ef455d0a-f04f-4f86-b220-4a859cb22cee None None] Dynamic interval looping call 'nova.service.Service.periodic_tasks' sleeping for 60.00 seconds {{(pid=104721) _run_loop /opt/stack/data/venv/lib/python3.13/site-packages/oslo_service/backend/_threading/loopingcall.py:125}}
Apr 14 22:42:19.422098 npc99a84aae6d34 nova-conductor[104725]: DEBUG oslo.service.backend._threading.loopingcall [None req-1f2a7cb7-55c6-4bf5-bf5b-aebd87f8656e None None] Dynamic interval looping call 'nova.service.Service.periodic_tasks' sleeping for 60.00 seconds {{(pid=104725) _run_loop /opt/stack/data/venv/lib/python3.13/site-packages/oslo_service/backend/_threading/loopingcall.py:125}}
Apr 14 22:42:45.424021 npc99a84aae6d34 nova-conductor[104721]: DEBUG oslo.service.backend._threading.loopingcall [-] Fixed interval looping call 'nova.servicegroup.drivers.db.DbDriver._report_state' sleeping for 119.99 seconds {{(pid=104721) _run_loop /opt/stack/data/venv/lib/python3.13/site-packages/oslo_service/backend/_threading/loopingcall.py:125}}
Apr 14 22:42:45.427173 npc99a84aae6d34 nova-conductor[104725]: DEBUG oslo.service.backend._threading.loopingcall [-] Fixed interval looping call 'nova.servicegroup.drivers.db.DbDriver._report_state' sleeping for 119.98 seconds {{(pid=104725) _run_loop /opt/stack/data/venv/lib/python3.13/site-packages/oslo_service/backend/_threading/loopingcall.py:125}}
Apr 14 22:42:55.419211 npc99a84aae6d34 nova-conductor[104721]: DEBUG dbcounter [-] [104721] Writing DB stats nova_cell0:SELECT=1,nova_cell0:UPDATE=1 {{(pid=104721) stat_writer /opt/stack/data/venv/lib/python3.13/site-packages/dbcounter.py:115}}
Apr 14 22:42:55.421986 npc99a84aae6d34 nova-conductor[104725]: DEBUG dbcounter [-] [104725] Writing DB stats nova_cell0:SELECT=1 {{(pid=104725) stat_writer /opt/stack/data/venv/lib/python3.13/site-packages/dbcounter.py:115}}
Apr 14 22:43:10.421223 npc99a84aae6d34 nova-conductor[104721]: DEBUG oslo.service.backend._threading.loopingcall [None req-ef455d0a-f04f-4f86-b220-4a859cb22cee None None] Dynamic interval looping call 'nova.service.Service.periodic_tasks' sleeping for 60.00 seconds {{(pid=104721) _run_loop /opt/stack/data/venv/lib/python3.13/site-packages/oslo_service/backend/_threading/loopingcall.py:125}}
Apr 14 22:43:19.422984 npc99a84aae6d34 nova-conductor[104725]: DEBUG oslo.service.backend._threading.loopingcall [None req-1f2a7cb7-55c6-4bf5-bf5b-aebd87f8656e None None] Dynamic interval looping call 'nova.service.Service.periodic_tasks' sleeping for 60.00 seconds {{(pid=104725) _run_loop /opt/stack/data/venv/lib/python3.13/site-packages/oslo_service/backend/_threading/loopingcall.py:125}}
Apr 14 22:44:10.425459 npc99a84aae6d34 nova-conductor[104721]: DEBUG oslo.service.backend._threading.loopingcall [None req-ef455d0a-f04f-4f86-b220-4a859cb22cee None None] Dynamic interval looping call 'nova.service.Service.periodic_tasks' sleeping for 60.00 seconds {{(pid=104721) _run_loop /opt/stack/data/venv/lib/python3.13/site-packages/oslo_service/backend/_threading/loopingcall.py:125}}
Apr 14 22:44:19.424961 npc99a84aae6d34 nova-conductor[104725]: DEBUG oslo.service.backend._threading.loopingcall [None req-1f2a7cb7-55c6-4bf5-bf5b-aebd87f8656e None None] Dynamic interval looping call 'nova.service.Service.periodic_tasks' sleeping for 60.00 seconds {{(pid=104725) _run_loop /opt/stack/data/venv/lib/python3.13/site-packages/oslo_service/backend/_threading/loopingcall.py:125}}
Apr 14 22:44:45.423885 npc99a84aae6d34 nova-conductor[104725]: DEBUG oslo.service.backend._threading.loopingcall [-] Fixed interval looping call 'nova.servicegroup.drivers.db.DbDriver._report_state' sleeping for 119.98 seconds {{(pid=104725) _run_loop /opt/stack/data/venv/lib/python3.13/site-packages/oslo_service/backend/_threading/loopingcall.py:125}}
Apr 14 22:44:45.426411 npc99a84aae6d34 nova-conductor[104721]: DEBUG oslo.service.backend._threading.loopingcall [-] Fixed interval looping call 'nova.servicegroup.drivers.db.DbDriver._report_state' sleeping for 119.99 seconds {{(pid=104721) _run_loop /opt/stack/data/venv/lib/python3.13/site-packages/oslo_service/backend/_threading/loopingcall.py:125}}
Apr 14 22:44:55.420187 npc99a84aae6d34 nova-conductor[104725]: DEBUG dbcounter [-] [104725] Writing DB stats nova_cell0:SELECT=1,nova_cell0:UPDATE=1 {{(pid=104725) stat_writer /opt/stack/data/venv/lib/python3.13/site-packages/dbcounter.py:115}}
Apr 14 22:44:55.422754 npc99a84aae6d34 nova-conductor[104721]: DEBUG dbcounter [-] [104721] Writing DB stats nova_cell0:SELECT=1 {{(pid=104721) stat_writer /opt/stack/data/venv/lib/python3.13/site-packages/dbcounter.py:115}}
Apr 14 22:45:10.426193 npc99a84aae6d34 nova-conductor[104721]: DEBUG oslo.service.backend._threading.loopingcall [None req-ef455d0a-f04f-4f86-b220-4a859cb22cee None None] Dynamic interval looping call 'nova.service.Service.periodic_tasks' sleeping for 60.00 seconds {{(pid=104721) _run_loop /opt/stack/data/venv/lib/python3.13/site-packages/oslo_service/backend/_threading/loopingcall.py:125}}
Apr 14 22:45:19.426079 npc99a84aae6d34 nova-conductor[104725]: DEBUG oslo.service.backend._threading.loopingcall [None req-1f2a7cb7-55c6-4bf5-bf5b-aebd87f8656e None None] Dynamic interval looping call 'nova.service.Service.periodic_tasks' sleeping for 60.00 seconds {{(pid=104725) _run_loop /opt/stack/data/venv/lib/python3.13/site-packages/oslo_service/backend/_threading/loopingcall.py:125}}
Apr 14 22:46:10.427435 npc99a84aae6d34 nova-conductor[104721]: DEBUG oslo.service.backend._threading.loopingcall [None req-ef455d0a-f04f-4f86-b220-4a859cb22cee None None] Dynamic interval looping call 'nova.service.Service.periodic_tasks' sleeping for 60.00 seconds {{(pid=104721) _run_loop /opt/stack/data/venv/lib/python3.13/site-packages/oslo_service/backend/_threading/loopingcall.py:125}}
Apr 14 22:46:19.427665 npc99a84aae6d34 nova-conductor[104725]: DEBUG oslo.service.backend._threading.loopingcall [None req-1f2a7cb7-55c6-4bf5-bf5b-aebd87f8656e None None] Dynamic interval looping call 'nova.service.Service.periodic_tasks' sleeping for 60.00 seconds {{(pid=104725) _run_loop /opt/stack/data/venv/lib/python3.13/site-packages/oslo_service/backend/_threading/loopingcall.py:125}}
Apr 14 22:46:45.416300 npc99a84aae6d34 nova-conductor[104725]: DEBUG oslo.service.backend._threading.loopingcall [-] Fixed interval looping call 'nova.servicegroup.drivers.db.DbDriver._report_state' sleeping for 119.99 seconds {{(pid=104725) _run_loop /opt/stack/data/venv/lib/python3.13/site-packages/oslo_service/backend/_threading/loopingcall.py:125}}
Apr 14 22:46:45.426908 npc99a84aae6d34 nova-conductor[104721]: DEBUG oslo.service.backend._threading.loopingcall [-] Fixed interval looping call 'nova.servicegroup.drivers.db.DbDriver._report_state' sleeping for 119.99 seconds {{(pid=104721) _run_loop /opt/stack/data/venv/lib/python3.13/site-packages/oslo_service/backend/_threading/loopingcall.py:125}}
Apr 14 22:46:55.413625 npc99a84aae6d34 nova-conductor[104725]: DEBUG dbcounter [-] [104725] Writing DB stats nova_cell0:SELECT=1,nova_cell0:UPDATE=1 {{(pid=104725) stat_writer /opt/stack/data/venv/lib/python3.13/site-packages/dbcounter.py:115}}
Apr 14 22:46:55.421977 npc99a84aae6d34 nova-conductor[104721]: DEBUG dbcounter [-] [104721] Writing DB stats nova_cell0:SELECT=1 {{(pid=104721) stat_writer /opt/stack/data/venv/lib/python3.13/site-packages/dbcounter.py:115}}
Apr 14 22:47:10.428595 npc99a84aae6d34 nova-conductor[104721]: DEBUG oslo.service.backend._threading.loopingcall [None req-ef455d0a-f04f-4f86-b220-4a859cb22cee None None] Dynamic interval looping call 'nova.service.Service.periodic_tasks' sleeping for 60.00 seconds {{(pid=104721) _run_loop /opt/stack/data/venv/lib/python3.13/site-packages/oslo_service/backend/_threading/loopingcall.py:125}}
Apr 14 22:47:19.429116 npc99a84aae6d34 nova-conductor[104725]: DEBUG oslo.service.backend._threading.loopingcall [None req-1f2a7cb7-55c6-4bf5-bf5b-aebd87f8656e None None] Dynamic interval looping call 'nova.service.Service.periodic_tasks' sleeping for 60.00 seconds {{(pid=104725) _run_loop /opt/stack/data/venv/lib/python3.13/site-packages/oslo_service/backend/_threading/loopingcall.py:125}}
Apr 14 22:48:10.431154 npc99a84aae6d34 nova-conductor[104721]: DEBUG oslo.service.backend._threading.loopingcall [None req-ef455d0a-f04f-4f86-b220-4a859cb22cee None None] Dynamic interval looping call 'nova.service.Service.periodic_tasks' sleeping for 60.00 seconds {{(pid=104721) _run_loop /opt/stack/data/venv/lib/python3.13/site-packages/oslo_service/backend/_threading/loopingcall.py:125}}
Apr 14 22:48:19.432364 npc99a84aae6d34 nova-conductor[104725]: DEBUG oslo.service.backend._threading.loopingcall [None req-1f2a7cb7-55c6-4bf5-bf5b-aebd87f8656e None None] Dynamic interval looping call 'nova.service.Service.periodic_tasks' sleeping for 60.00 seconds {{(pid=104725) _run_loop /opt/stack/data/venv/lib/python3.13/site-packages/oslo_service/backend/_threading/loopingcall.py:125}}
Apr 14 22:48:45.421269 npc99a84aae6d34 nova-conductor[104725]: DEBUG oslo.service.backend._threading.loopingcall [-] Fixed interval looping call 'nova.servicegroup.drivers.db.DbDriver._report_state' sleeping for 119.99 seconds {{(pid=104725) _run_loop /opt/stack/data/venv/lib/python3.13/site-packages/oslo_service/backend/_threading/loopingcall.py:125}}
Apr 14 22:48:45.427459 npc99a84aae6d34 nova-conductor[104721]: DEBUG oslo.service.backend._threading.loopingcall [-] Fixed interval looping call 'nova.servicegroup.drivers.db.DbDriver._report_state' sleeping for 119.99 seconds {{(pid=104721) _run_loop /opt/stack/data/venv/lib/python3.13/site-packages/oslo_service/backend/_threading/loopingcall.py:125}}
Apr 14 22:48:55.419425 npc99a84aae6d34 nova-conductor[104725]: DEBUG dbcounter [-] [104725] Writing DB stats nova_cell0:SELECT=1,nova_cell0:UPDATE=1 {{(pid=104725) stat_writer /opt/stack/data/venv/lib/python3.13/site-packages/dbcounter.py:115}}
Apr 14 22:48:55.422745 npc99a84aae6d34 nova-conductor[104721]: DEBUG dbcounter [-] [104721] Writing DB stats nova_cell0:SELECT=1 {{(pid=104721) stat_writer /opt/stack/data/venv/lib/python3.13/site-packages/dbcounter.py:115}}
Apr 14 22:49:10.431818 npc99a84aae6d34 nova-conductor[104721]: DEBUG oslo.service.backend._threading.loopingcall [None req-ef455d0a-f04f-4f86-b220-4a859cb22cee None None] Dynamic interval looping call 'nova.service.Service.periodic_tasks' sleeping for 60.00 seconds {{(pid=104721) _run_loop /opt/stack/data/venv/lib/python3.13/site-packages/oslo_service/backend/_threading/loopingcall.py:125}}
Apr 14 22:49:19.434892 npc99a84aae6d34 nova-conductor[104725]: DEBUG oslo.service.backend._threading.loopingcall [None req-1f2a7cb7-55c6-4bf5-bf5b-aebd87f8656e None None] Dynamic interval looping call 'nova.service.Service.periodic_tasks' sleeping for 60.00 seconds {{(pid=104725) _run_loop /opt/stack/data/venv/lib/python3.13/site-packages/oslo_service/backend/_threading/loopingcall.py:125}}
Apr 14 22:50:10.433599 npc99a84aae6d34 nova-conductor[104721]: DEBUG oslo.service.backend._threading.loopingcall [None req-ef455d0a-f04f-4f86-b220-4a859cb22cee None None] Dynamic interval looping call 'nova.service.Service.periodic_tasks' sleeping for 60.00 seconds {{(pid=104721) _run_loop /opt/stack/data/venv/lib/python3.13/site-packages/oslo_service/backend/_threading/loopingcall.py:125}}
Apr 14 22:50:19.436490 npc99a84aae6d34 nova-conductor[104725]: DEBUG oslo.service.backend._threading.loopingcall [None req-1f2a7cb7-55c6-4bf5-bf5b-aebd87f8656e None None] Dynamic interval looping call 'nova.service.Service.periodic_tasks' sleeping for 60.00 seconds {{(pid=104725) _run_loop /opt/stack/data/venv/lib/python3.13/site-packages/oslo_service/backend/_threading/loopingcall.py:125}}
Apr 14 22:50:45.426127 npc99a84aae6d34 nova-conductor[104725]: DEBUG oslo.service.backend._threading.loopingcall [-] Fixed interval looping call 'nova.servicegroup.drivers.db.DbDriver._report_state' sleeping for 119.99 seconds {{(pid=104725) _run_loop /opt/stack/data/venv/lib/python3.13/site-packages/oslo_service/backend/_threading/loopingcall.py:125}}
Apr 14 22:50:45.429070 npc99a84aae6d34 nova-conductor[104721]: DEBUG oslo.service.backend._threading.loopingcall [-] Fixed interval looping call 'nova.servicegroup.drivers.db.DbDriver._report_state' sleeping for 119.99 seconds {{(pid=104721) _run_loop /opt/stack/data/venv/lib/python3.13/site-packages/oslo_service/backend/_threading/loopingcall.py:125}}