Apr 14 22:33:54.588833 npc99a84aae6d34 neutron-periodic-workers[98520]: DEBUG cotyledon.oslo_config_glue [-] privsep_ovs_vsctl.user = None {{(pid=98520) log_opt_values /opt/stack/data/venv/lib/python3.13/site-packages/oslo_config/cfg.py:3006}}
Apr 14 22:33:54.588969 npc99a84aae6d34 neutron-periodic-workers[98520]: DEBUG cotyledon.oslo_config_glue [-] privsep_namespace.capabilities = [21] {{(pid=98520) log_opt_values /opt/stack/data/venv/lib/python3.13/site-packages/oslo_config/cfg.py:3006}}
Apr 14 22:33:54.589086 npc99a84aae6d34 neutron-periodic-workers[98520]: DEBUG cotyledon.oslo_config_glue [-] privsep_namespace.group = None {{(pid=98520) log_opt_values /opt/stack/data/venv/lib/python3.13/site-packages/oslo_config/cfg.py:3006}}
Apr 14 22:33:54.589198 npc99a84aae6d34 neutron-periodic-workers[98520]: DEBUG cotyledon.oslo_config_glue [-] privsep_namespace.helper_command = None {{(pid=98520) log_opt_values /opt/stack/data/venv/lib/python3.13/site-packages/oslo_config/cfg.py:3006}}
Apr 14 22:33:54.589310 npc99a84aae6d34 neutron-periodic-workers[98520]: DEBUG cotyledon.oslo_config_glue [-] privsep_namespace.log_daemon_traceback = False {{(pid=98520) log_opt_values /opt/stack/data/venv/lib/python3.13/site-packages/oslo_config/cfg.py:3006}}
Apr 14 22:33:54.589424 npc99a84aae6d34 neutron-periodic-workers[98520]: DEBUG cotyledon.oslo_config_glue [-] privsep_namespace.logger_name = oslo_privsep.daemon {{(pid=98520) log_opt_values /opt/stack/data/venv/lib/python3.13/site-packages/oslo_config/cfg.py:3006}}
Apr 14 22:33:54.589535 npc99a84aae6d34 neutron-periodic-workers[98520]: DEBUG cotyledon.oslo_config_glue [-] privsep_namespace.thread_pool_size = 8 {{(pid=98520) log_opt_values /opt/stack/data/venv/lib/python3.13/site-packages/oslo_config/cfg.py:3006}}
Apr 14 22:33:54.589644 npc99a84aae6d34 neutron-periodic-workers[98520]: DEBUG cotyledon.oslo_config_glue [-] privsep_namespace.user = None {{(pid=98520) log_opt_values /opt/stack/data/venv/lib/python3.13/site-packages/oslo_config/cfg.py:3006}}
Apr 14 22:33:54.589795 npc99a84aae6d34 neutron-periodic-workers[98520]: DEBUG cotyledon.oslo_config_glue [-] privsep_conntrack.capabilities = [12] {{(pid=98520) log_opt_values /opt/stack/data/venv/lib/python3.13/site-packages/oslo_config/cfg.py:3006}}
Apr 14 22:33:54.589921 npc99a84aae6d34 neutron-periodic-workers[98520]: DEBUG cotyledon.oslo_config_glue [-] privsep_conntrack.group = None {{(pid=98520) log_opt_values /opt/stack/data/venv/lib/python3.13/site-packages/oslo_config/cfg.py:3006}}
Apr 14 22:33:54.590032 npc99a84aae6d34 neutron-periodic-workers[98520]: DEBUG cotyledon.oslo_config_glue [-] privsep_conntrack.helper_command = None {{(pid=98520) log_opt_values /opt/stack/data/venv/lib/python3.13/site-packages/oslo_config/cfg.py:3006}}
Apr 14 22:33:54.590159 npc99a84aae6d34 neutron-periodic-workers[98520]: DEBUG cotyledon.oslo_config_glue [-] privsep_conntrack.log_daemon_traceback = False {{(pid=98520) log_opt_values /opt/stack/data/venv/lib/python3.13/site-packages/oslo_config/cfg.py:3006}}
Apr 14 22:33:54.590272 npc99a84aae6d34 neutron-periodic-workers[98520]: DEBUG cotyledon.oslo_config_glue [-] privsep_conntrack.logger_name = oslo_privsep.daemon {{(pid=98520) log_opt_values /opt/stack/data/venv/lib/python3.13/site-packages/oslo_config/cfg.py:3006}}
Apr 14 22:33:54.590385 npc99a84aae6d34 neutron-periodic-workers[98520]: DEBUG cotyledon.oslo_config_glue [-] privsep_conntrack.thread_pool_size = 8 {{(pid=98520) log_opt_values /opt/stack/data/venv/lib/python3.13/site-packages/oslo_config/cfg.py:3006}}
Apr 14 22:33:54.590569 npc99a84aae6d34 neutron-periodic-workers[98520]: DEBUG cotyledon.oslo_config_glue [-] privsep_conntrack.user = None {{(pid=98520) log_opt_values /opt/stack/data/venv/lib/python3.13/site-packages/oslo_config/cfg.py:3006}}
Apr 14 22:33:54.590756 npc99a84aae6d34 neutron-periodic-workers[98520]: DEBUG cotyledon.oslo_config_glue [-] privsep_link.capabilities = [12, 21] {{(pid=98520) log_opt_values /opt/stack/data/venv/lib/python3.13/site-packages/oslo_config/cfg.py:3006}}
Apr 14 22:33:54.590839 npc99a84aae6d34 neutron-periodic-workers[98520]: DEBUG cotyledon.oslo_config_glue [-] privsep_link.group = None {{(pid=98520) log_opt_values /opt/stack/data/venv/lib/python3.13/site-packages/oslo_config/cfg.py:3006}}
Apr 14 22:33:54.590906 npc99a84aae6d34 neutron-periodic-workers[98520]: DEBUG cotyledon.oslo_config_glue [-] privsep_link.helper_command = None {{(pid=98520) log_opt_values /opt/stack/data/venv/lib/python3.13/site-packages/oslo_config/cfg.py:3006}}
Apr 14 22:33:54.591023 npc99a84aae6d34 neutron-periodic-workers[98520]: DEBUG cotyledon.oslo_config_glue [-] privsep_link.log_daemon_traceback = False {{(pid=98520) log_opt_values /opt/stack/data/venv/lib/python3.13/site-packages/oslo_config/cfg.py:3006}}
Apr 14 22:33:54.591147 npc99a84aae6d34 neutron-periodic-workers[98520]: DEBUG cotyledon.oslo_config_glue [-] privsep_link.logger_name = oslo_privsep.daemon {{(pid=98520) log_opt_values /opt/stack/data/venv/lib/python3.13/site-packages/oslo_config/cfg.py:3006}}
Apr 14 22:33:54.591254 npc99a84aae6d34 neutron-periodic-workers[98520]: DEBUG cotyledon.oslo_config_glue [-] privsep_link.thread_pool_size = 8 {{(pid=98520) log_opt_values /opt/stack/data/venv/lib/python3.13/site-packages/oslo_config/cfg.py:3006}}
Apr 14 22:33:54.591328 npc99a84aae6d34 neutron-periodic-workers[98520]: DEBUG cotyledon.oslo_config_glue [-] privsep_link.user = None {{(pid=98520) log_opt_values /opt/stack/data/venv/lib/python3.13/site-packages/oslo_config/cfg.py:3006}}
Apr 14 22:33:54.591480 npc99a84aae6d34 neutron-periodic-workers[98520]: DEBUG cotyledon.oslo_config_glue [-] AGENT.root_helper = sudo /opt/stack/data/venv/bin/neutron-rootwrap /etc/neutron/rootwrap.conf {{(pid=98520) log_opt_values /opt/stack/data/venv/lib/python3.13/site-packages/oslo_config/cfg.py:3006}}
Apr 14 22:33:54.591605 npc99a84aae6d34 neutron-periodic-workers[98520]: DEBUG cotyledon.oslo_config_glue [-] AGENT.root_helper_daemon = sudo /opt/stack/data/venv/bin/neutron-rootwrap-daemon /etc/neutron/rootwrap.conf {{(pid=98520) log_opt_values /opt/stack/data/venv/lib/python3.13/site-packages/oslo_config/cfg.py:3006}}
Apr 14 22:33:54.591746 npc99a84aae6d34 neutron-periodic-workers[98520]: DEBUG cotyledon.oslo_config_glue [-] AGENT.use_helper_for_ns_read = True {{(pid=98520) log_opt_values /opt/stack/data/venv/lib/python3.13/site-packages/oslo_config/cfg.py:3006}}
Apr 14 22:33:54.591913 npc99a84aae6d34 neutron-periodic-workers[98520]: DEBUG cotyledon.oslo_config_glue [-] SECURITYGROUP.enable_ipset = True {{(pid=98520) log_opt_values /opt/stack/data/venv/lib/python3.13/site-packages/oslo_config/cfg.py:3006}}
Apr 14 22:33:54.592037 npc99a84aae6d34 neutron-periodic-workers[98520]: DEBUG cotyledon.oslo_config_glue [-] SECURITYGROUP.enable_security_group = True {{(pid=98520) log_opt_values /opt/stack/data/venv/lib/python3.13/site-packages/oslo_config/cfg.py:3006}}
Apr 14 22:33:54.592171 npc99a84aae6d34 neutron-periodic-workers[98520]: DEBUG cotyledon.oslo_config_glue [-] SECURITYGROUP.firewall_driver = None {{(pid=98520) log_opt_values /opt/stack/data/venv/lib/python3.13/site-packages/oslo_config/cfg.py:3006}}
Apr 14 22:33:54.592296 npc99a84aae6d34 neutron-periodic-workers[98520]: DEBUG cotyledon.oslo_config_glue [-] SECURITYGROUP.permitted_ethertypes = [] {{(pid=98520) log_opt_values /opt/stack/data/venv/lib/python3.13/site-packages/oslo_config/cfg.py:3006}}
Apr 14 22:33:54.592443 npc99a84aae6d34 neutron-periodic-workers[98520]: DEBUG cotyledon.oslo_config_glue [-] experimental.ipv6_pd_enabled = False {{(pid=98520) log_opt_values /opt/stack/data/venv/lib/python3.13/site-packages/oslo_config/cfg.py:3006}}
Apr 14 22:33:54.592626 npc99a84aae6d34 neutron-periodic-workers[98520]: DEBUG cotyledon.oslo_config_glue [-] ml2.extension_drivers = ['port_security', 'qos'] {{(pid=98520) log_opt_values /opt/stack/data/venv/lib/python3.13/site-packages/oslo_config/cfg.py:3006}}
Apr 14 22:33:54.592766 npc99a84aae6d34 neutron-periodic-workers[98520]: DEBUG cotyledon.oslo_config_glue [-] ml2.external_network_type = None {{(pid=98520) log_opt_values /opt/stack/data/venv/lib/python3.13/site-packages/oslo_config/cfg.py:3006}}
Apr 14 22:33:54.592909 npc99a84aae6d34 neutron-periodic-workers[98520]: DEBUG cotyledon.oslo_config_glue [-] ml2.mechanism_drivers = ['ovn'] {{(pid=98520) log_opt_values /opt/stack/data/venv/lib/python3.13/site-packages/oslo_config/cfg.py:3006}}
Apr 14 22:33:54.593025 npc99a84aae6d34 neutron-periodic-workers[98520]: DEBUG cotyledon.oslo_config_glue [-] ml2.overlay_ip_version = 6 {{(pid=98520) log_opt_values /opt/stack/data/venv/lib/python3.13/site-packages/oslo_config/cfg.py:3006}}
Apr 14 22:33:54.593141 npc99a84aae6d34 neutron-periodic-workers[98520]: DEBUG cotyledon.oslo_config_glue [-] ml2.path_mtu = 0 {{(pid=98520) log_opt_values /opt/stack/data/venv/lib/python3.13/site-packages/oslo_config/cfg.py:3006}}
Apr 14 22:33:54.593278 npc99a84aae6d34 neutron-periodic-workers[98520]: DEBUG cotyledon.oslo_config_glue [-] ml2.physical_network_mtus = {} {{(pid=98520) log_opt_values /opt/stack/data/venv/lib/python3.13/site-packages/oslo_config/cfg.py:3006}}
Apr 14 22:33:54.593393 npc99a84aae6d34 neutron-periodic-workers[98520]: DEBUG cotyledon.oslo_config_glue [-] ml2.project_network_types = ['geneve'] {{(pid=98520) log_opt_values /opt/stack/data/venv/lib/python3.13/site-packages/oslo_config/cfg.py:3006}}
Apr 14 22:33:54.593536 npc99a84aae6d34 neutron-periodic-workers[98520]: DEBUG cotyledon.oslo_config_glue [-] ml2.tunnelled_network_rp_name = rp_tunnelled {{(pid=98520) log_opt_values /opt/stack/data/venv/lib/python3.13/site-packages/oslo_config/cfg.py:3006}}
Apr 14 22:33:54.593660 npc99a84aae6d34 neutron-periodic-workers[98520]: DEBUG cotyledon.oslo_config_glue [-] ml2.type_drivers = ['local', 'flat', 'vlan', 'geneve'] {{(pid=98520) log_opt_values /opt/stack/data/venv/lib/python3.13/site-packages/oslo_config/cfg.py:3006}}
Apr 14 22:33:54.593806 npc99a84aae6d34 neutron-periodic-workers[98520]: DEBUG cotyledon.oslo_config_glue [-] ml2_type_flat.flat_networks = ['public'] {{(pid=98520) log_opt_values /opt/stack/data/venv/lib/python3.13/site-packages/oslo_config/cfg.py:3006}}
Apr 14 22:33:54.593946 npc99a84aae6d34 neutron-periodic-workers[98520]: DEBUG cotyledon.oslo_config_glue [-] ml2_type_geneve.max_header_size = 38 {{(pid=98520) log_opt_values /opt/stack/data/venv/lib/python3.13/site-packages/oslo_config/cfg.py:3006}}
Apr 14 22:33:54.595061 npc99a84aae6d34 neutron-periodic-workers[98520]: DEBUG cotyledon.oslo_config_glue [-] ml2_type_geneve.vni_ranges = ['1:65536'] {{(pid=98520) log_opt_values /opt/stack/data/venv/lib/python3.13/site-packages/oslo_config/cfg.py:3006}}
Apr 14 22:33:54.595137 npc99a84aae6d34 neutron-periodic-workers[98520]: DEBUG cotyledon.oslo_config_glue [-] ml2_type_vlan.network_vlan_ranges = ['public'] {{(pid=98520) log_opt_values /opt/stack/data/venv/lib/python3.13/site-packages/oslo_config/cfg.py:3006}}
Apr 14 22:33:54.595275 npc99a84aae6d34 neutron-periodic-workers[98520]: DEBUG cotyledon.oslo_config_glue [-] network_log.burst_limit = 25 {{(pid=98520) log_opt_values /opt/stack/data/venv/lib/python3.13/site-packages/oslo_config/cfg.py:3006}}
Apr 14 22:33:54.595339 npc99a84aae6d34 neutron-periodic-workers[98520]: DEBUG cotyledon.oslo_config_glue [-] network_log.local_output_log_base = None {{(pid=98520) log_opt_values /opt/stack/data/venv/lib/python3.13/site-packages/oslo_config/cfg.py:3006}}
Apr 14 22:33:54.595477 npc99a84aae6d34 neutron-periodic-workers[98520]: DEBUG cotyledon.oslo_config_glue [-] network_log.rate_limit = 100 {{(pid=98520) log_opt_values /opt/stack/data/venv/lib/python3.13/site-packages/oslo_config/cfg.py:3006}}
Apr 14 22:33:54.595632 npc99a84aae6d34 neutron-periodic-workers[98520]: DEBUG cotyledon.oslo_config_glue [-] database.asyncio_connection = **** {{(pid=98520) log_opt_values /opt/stack/data/venv/lib/python3.13/site-packages/oslo_config/cfg.py:3006}}
Apr 14 22:33:54.595692 npc99a84aae6d34 neutron-periodic-workers[98520]: DEBUG cotyledon.oslo_config_glue [-] database.asyncio_slave_connection = **** {{(pid=98520) log_opt_values /opt/stack/data/venv/lib/python3.13/site-packages/oslo_config/cfg.py:3006}}
Apr 14 22:33:54.595835 npc99a84aae6d34 neutron-periodic-workers[98520]: DEBUG cotyledon.oslo_config_glue [-] database.backend = sqlalchemy {{(pid=98520) log_opt_values /opt/stack/data/venv/lib/python3.13/site-packages/oslo_config/cfg.py:3006}}
Apr 14 22:33:54.595900 npc99a84aae6d34 neutron-periodic-workers[98520]: DEBUG cotyledon.oslo_config_glue [-] database.connection = **** {{(pid=98520) log_opt_values /opt/stack/data/venv/lib/python3.13/site-packages/oslo_config/cfg.py:3006}}
Apr 14 22:33:54.596075 npc99a84aae6d34 neutron-periodic-workers[98520]: DEBUG cotyledon.oslo_config_glue [-] database.connection_debug = 0 {{(pid=98520) log_opt_values /opt/stack/data/venv/lib/python3.13/site-packages/oslo_config/cfg.py:3006}}
Apr 14 22:33:54.596136 npc99a84aae6d34 neutron-periodic-workers[98520]: DEBUG cotyledon.oslo_config_glue [-] database.connection_parameters = {{(pid=98520) log_opt_values /opt/stack/data/venv/lib/python3.13/site-packages/oslo_config/cfg.py:3006}}
Apr 14 22:33:54.596273 npc99a84aae6d34 neutron-periodic-workers[98520]: DEBUG cotyledon.oslo_config_glue [-] database.connection_recycle_time = 3600 {{(pid=98520) log_opt_values /opt/stack/data/venv/lib/python3.13/site-packages/oslo_config/cfg.py:3006}}
Apr 14 22:33:54.596409 npc99a84aae6d34 neutron-periodic-workers[98520]: DEBUG cotyledon.oslo_config_glue [-] database.connection_trace = False {{(pid=98520) log_opt_values /opt/stack/data/venv/lib/python3.13/site-packages/oslo_config/cfg.py:3006}}
Apr 14 22:33:54.596531 npc99a84aae6d34 neutron-periodic-workers[98520]: DEBUG cotyledon.oslo_config_glue [-] database.db_inc_retry_interval = True {{(pid=98520) log_opt_values /opt/stack/data/venv/lib/python3.13/site-packages/oslo_config/cfg.py:3006}}
Apr 14 22:33:54.596657 npc99a84aae6d34 neutron-periodic-workers[98520]: DEBUG cotyledon.oslo_config_glue [-] database.db_max_retries = 20 {{(pid=98520) log_opt_values /opt/stack/data/venv/lib/python3.13/site-packages/oslo_config/cfg.py:3006}}
Apr 14 22:33:54.596748 npc99a84aae6d34 neutron-periodic-workers[98520]: DEBUG cotyledon.oslo_config_glue [-] database.db_max_retry_interval = 10 {{(pid=98520) log_opt_values /opt/stack/data/venv/lib/python3.13/site-packages/oslo_config/cfg.py:3006}}
Apr 14 22:33:54.596888 npc99a84aae6d34 neutron-periodic-workers[98520]: DEBUG cotyledon.oslo_config_glue [-] database.db_retry_interval = 1 {{(pid=98520) log_opt_values /opt/stack/data/venv/lib/python3.13/site-packages/oslo_config/cfg.py:3006}}
Apr 14 22:33:54.597026 npc99a84aae6d34 neutron-periodic-workers[98520]: DEBUG cotyledon.oslo_config_glue [-] database.max_overflow = 50 {{(pid=98520) log_opt_values /opt/stack/data/venv/lib/python3.13/site-packages/oslo_config/cfg.py:3006}}
Apr 14 22:33:54.597162 npc99a84aae6d34 neutron-periodic-workers[98520]: DEBUG cotyledon.oslo_config_glue [-] database.max_pool_size = 5 {{(pid=98520) log_opt_values /opt/stack/data/venv/lib/python3.13/site-packages/oslo_config/cfg.py:3006}}
Apr 14 22:33:54.597285 npc99a84aae6d34 neutron-periodic-workers[98520]: DEBUG cotyledon.oslo_config_glue [-] database.max_retries = 10 {{(pid=98520) log_opt_values /opt/stack/data/venv/lib/python3.13/site-packages/oslo_config/cfg.py:3006}}
Apr 14 22:33:54.597410 npc99a84aae6d34 neutron-periodic-workers[98520]: DEBUG cotyledon.oslo_config_glue [-] database.mysql_sql_mode = TRADITIONAL {{(pid=98520) log_opt_values /opt/stack/data/venv/lib/python3.13/site-packages/oslo_config/cfg.py:3006}}
Apr 14 22:33:54.597543 npc99a84aae6d34 neutron-periodic-workers[98520]: DEBUG cotyledon.oslo_config_glue [-] database.mysql_wsrep_sync_wait = None {{(pid=98520) log_opt_values /opt/stack/data/venv/lib/python3.13/site-packages/oslo_config/cfg.py:3006}}
Apr 14 22:33:54.597612 npc99a84aae6d34 neutron-periodic-workers[98520]: DEBUG cotyledon.oslo_config_glue [-] database.pool_timeout = None {{(pid=98520) log_opt_values /opt/stack/data/venv/lib/python3.13/site-packages/oslo_config/cfg.py:3006}}
Apr 14 22:33:54.598047 npc99a84aae6d34 neutron-periodic-workers[98520]: DEBUG cotyledon.oslo_config_glue [-] database.retry_interval = 10 {{(pid=98520) log_opt_values /opt/stack/data/venv/lib/python3.13/site-packages/oslo_config/cfg.py:3006}}
Apr 14 22:33:54.598047 npc99a84aae6d34 neutron-periodic-workers[98520]: DEBUG cotyledon.oslo_config_glue [-] database.slave_connection = **** {{(pid=98520) log_opt_values /opt/stack/data/venv/lib/python3.13/site-packages/oslo_config/cfg.py:3006}}
Apr 14 22:33:54.598047 npc99a84aae6d34 neutron-periodic-workers[98520]: DEBUG cotyledon.oslo_config_glue [-] database.sqlite_synchronous = True {{(pid=98520) log_opt_values /opt/stack/data/venv/lib/python3.13/site-packages/oslo_config/cfg.py:3006}}
Apr 14 22:33:54.598047 npc99a84aae6d34 neutron-periodic-workers[98520]: DEBUG cotyledon.oslo_config_glue [-] database.synchronous_reader = True {{(pid=98520) log_opt_values /opt/stack/data/venv/lib/python3.13/site-packages/oslo_config/cfg.py:3006}}
Apr 14 22:33:54.598191 npc99a84aae6d34 neutron-periodic-workers[98520]: DEBUG cotyledon.oslo_config_glue [-] database.use_db_reconnect = False {{(pid=98520) log_opt_values /opt/stack/data/venv/lib/python3.13/site-packages/oslo_config/cfg.py:3006}}
Apr 14 22:33:54.598341 npc99a84aae6d34 neutron-periodic-workers[98520]: DEBUG cotyledon.oslo_config_glue [-] ovn.bfd_min_rx = 1000 {{(pid=98520) log_opt_values /opt/stack/data/venv/lib/python3.13/site-packages/oslo_config/cfg.py:3006}}
Apr 14 22:33:54.598394 npc99a84aae6d34 neutron-periodic-workers[98520]: DEBUG cotyledon.oslo_config_glue [-] ovn.bfd_min_tx = 100 {{(pid=98520) log_opt_values /opt/stack/data/venv/lib/python3.13/site-packages/oslo_config/cfg.py:3006}}
Apr 14 22:33:54.598578 npc99a84aae6d34 neutron-periodic-workers[98520]: DEBUG cotyledon.oslo_config_glue [-] ovn.bfd_mult = 3 {{(pid=98520) log_opt_values /opt/stack/data/venv/lib/python3.13/site-packages/oslo_config/cfg.py:3006}}
Apr 14 22:33:54.598723 npc99a84aae6d34 neutron-periodic-workers[98520]: DEBUG cotyledon.oslo_config_glue [-] ovn.broadcast_arps_to_all_routers = True {{(pid=98520) log_opt_values /opt/stack/data/venv/lib/python3.13/site-packages/oslo_config/cfg.py:3006}}
Apr 14 22:33:54.598983 npc99a84aae6d34 neutron-periodic-workers[98520]: DEBUG cotyledon.oslo_config_glue [-] ovn.dhcp_default_lease_time = 43200 {{(pid=98520) log_opt_values /opt/stack/data/venv/lib/python3.13/site-packages/oslo_config/cfg.py:3006}}
Apr 14 22:33:54.599155 npc99a84aae6d34 neutron-periodic-workers[98520]: DEBUG cotyledon.oslo_config_glue [-] ovn.disable_ovn_dhcp_for_baremetal_ports = False {{(pid=98520) log_opt_values /opt/stack/data/venv/lib/python3.13/site-packages/oslo_config/cfg.py:3006}}
Apr 14 22:33:54.599341 npc99a84aae6d34 neutron-periodic-workers[98520]: DEBUG cotyledon.oslo_config_glue [-] ovn.dns_records_ovn_owned = False {{(pid=98520) log_opt_values /opt/stack/data/venv/lib/python3.13/site-packages/oslo_config/cfg.py:3006}}
Apr 14 22:33:54.599574 npc99a84aae6d34 neutron-periodic-workers[98520]: DEBUG cotyledon.oslo_config_glue [-] ovn.dns_servers = [] {{(pid=98520) log_opt_values /opt/stack/data/venv/lib/python3.13/site-packages/oslo_config/cfg.py:3006}}
Apr 14 22:33:54.599749 npc99a84aae6d34 neutron-periodic-workers[98520]: DEBUG cotyledon.oslo_config_glue [-] ovn.enable_distributed_floating_ip = False {{(pid=98520) log_opt_values /opt/stack/data/venv/lib/python3.13/site-packages/oslo_config/cfg.py:3006}}
Apr 14 22:33:54.599931 npc99a84aae6d34 neutron-periodic-workers[98520]: DEBUG cotyledon.oslo_config_glue [-] ovn.fdb_age_threshold = 300 {{(pid=98520) log_opt_values /opt/stack/data/venv/lib/python3.13/site-packages/oslo_config/cfg.py:3006}}
Apr 14 22:33:54.600108 npc99a84aae6d34 neutron-periodic-workers[98520]: DEBUG cotyledon.oslo_config_glue [-] ovn.ha_failover_strategy = normal {{(pid=98520) log_opt_values /opt/stack/data/venv/lib/python3.13/site-packages/oslo_config/cfg.py:3006}}
Apr 14 22:33:54.600294 npc99a84aae6d34 neutron-periodic-workers[98520]: DEBUG cotyledon.oslo_config_glue [-] ovn.live_migration_activation_strategy = rarp {{(pid=98520) log_opt_values /opt/stack/data/venv/lib/python3.13/site-packages/oslo_config/cfg.py:3006}}
Apr 14 22:33:54.600436 npc99a84aae6d34 neutron-periodic-workers[98520]: DEBUG cotyledon.oslo_config_glue [-] ovn.localnet_learn_fdb = False {{(pid=98520) log_opt_values /opt/stack/data/venv/lib/python3.13/site-packages/oslo_config/cfg.py:3006}}
Apr 14 22:33:54.600615 npc99a84aae6d34 neutron-periodic-workers[98520]: DEBUG cotyledon.oslo_config_glue [-] ovn.mac_binding_age_threshold = 300 {{(pid=98520) log_opt_values /opt/stack/data/venv/lib/python3.13/site-packages/oslo_config/cfg.py:3006}}
Apr 14 22:33:54.600831 npc99a84aae6d34 neutron-periodic-workers[98520]: DEBUG cotyledon.oslo_config_glue [-] ovn.neutron_sync_mode = log {{(pid=98520) log_opt_values /opt/stack/data/venv/lib/python3.13/site-packages/oslo_config/cfg.py:3006}}
Apr 14 22:33:54.601063 npc99a84aae6d34 neutron-periodic-workers[98520]: DEBUG cotyledon.oslo_config_glue [-] ovn.ovn_dhcp4_global_options = {} {{(pid=98520) log_opt_values /opt/stack/data/venv/lib/python3.13/site-packages/oslo_config/cfg.py:3006}}
Apr 14 22:33:54.601251 npc99a84aae6d34 neutron-periodic-workers[98520]: DEBUG cotyledon.oslo_config_glue [-] ovn.ovn_dhcp6_global_options = {} {{(pid=98520) log_opt_values /opt/stack/data/venv/lib/python3.13/site-packages/oslo_config/cfg.py:3006}}
Apr 14 22:33:54.601448 npc99a84aae6d34 neutron-periodic-workers[98520]: DEBUG cotyledon.oslo_config_glue [-] ovn.ovn_l3_scheduler = leastloaded {{(pid=98520) log_opt_values /opt/stack/data/venv/lib/python3.13/site-packages/oslo_config/cfg.py:3006}}
Apr 14 22:33:54.601628 npc99a84aae6d34 neutron-periodic-workers[98520]: DEBUG cotyledon.oslo_config_glue [-] ovn.ovn_metadata_enabled = True {{(pid=98520) log_opt_values /opt/stack/data/venv/lib/python3.13/site-packages/oslo_config/cfg.py:3006}}
Apr 14 22:33:54.601833 npc99a84aae6d34 neutron-periodic-workers[98520]: DEBUG cotyledon.oslo_config_glue [-] ovn.ovn_nb_ca_cert = /opt/stack/data/CA/int-ca/ca-chain.pem {{(pid=98520) log_opt_values /opt/stack/data/venv/lib/python3.13/site-packages/oslo_config/cfg.py:3006}}
Apr 14 22:33:54.602067 npc99a84aae6d34 neutron-periodic-workers[98520]: DEBUG cotyledon.oslo_config_glue [-] ovn.ovn_nb_certificate = /opt/stack/data/CA/int-ca/devstack-cert.crt {{(pid=98520) log_opt_values /opt/stack/data/venv/lib/python3.13/site-packages/oslo_config/cfg.py:3006}}
Apr 14 22:33:54.602247 npc99a84aae6d34 neutron-periodic-workers[98520]: DEBUG cotyledon.oslo_config_glue [-] ovn.ovn_nb_connection = ['ssl:[2001:41d0:302:1000::cbc]:6641'] {{(pid=98520) log_opt_values /opt/stack/data/venv/lib/python3.13/site-packages/oslo_config/cfg.py:3006}}
Apr 14 22:33:54.602458 npc99a84aae6d34 neutron-periodic-workers[98520]: DEBUG cotyledon.oslo_config_glue [-] ovn.ovn_nb_private_key = /opt/stack/data/CA/int-ca/private/devstack-cert.key {{(pid=98520) log_opt_values /opt/stack/data/venv/lib/python3.13/site-packages/oslo_config/cfg.py:3006}}
Apr 14 22:33:54.602675 npc99a84aae6d34 neutron-periodic-workers[98520]: DEBUG cotyledon.oslo_config_glue [-] ovn.ovn_router_indirect_snat = False {{(pid=98520) log_opt_values /opt/stack/data/venv/lib/python3.13/site-packages/oslo_config/cfg.py:3006}}
Apr 14 22:33:54.602805 npc99a84aae6d34 neutron-periodic-workers[98520]: DEBUG cotyledon.oslo_config_glue [-] ovn.ovn_sb_ca_cert = /opt/stack/data/CA/int-ca/ca-chain.pem {{(pid=98520) log_opt_values /opt/stack/data/venv/lib/python3.13/site-packages/oslo_config/cfg.py:3006}}
Apr 14 22:33:54.602919 npc99a84aae6d34 neutron-periodic-workers[98520]: DEBUG cotyledon.oslo_config_glue [-] ovn.ovn_sb_certificate = /opt/stack/data/CA/int-ca/devstack-cert.crt {{(pid=98520) log_opt_values /opt/stack/data/venv/lib/python3.13/site-packages/oslo_config/cfg.py:3006}}
Apr 14 22:33:54.603035 npc99a84aae6d34 neutron-periodic-workers[98520]: DEBUG cotyledon.oslo_config_glue [-] ovn.ovn_sb_connection = ['ssl:[2001:41d0:302:1000::cbc]:6642'] {{(pid=98520) log_opt_values /opt/stack/data/venv/lib/python3.13/site-packages/oslo_config/cfg.py:3006}}
Apr 14 22:33:54.603148 npc99a84aae6d34 neutron-periodic-workers[98520]: DEBUG cotyledon.oslo_config_glue [-] ovn.ovn_sb_private_key = /opt/stack/data/CA/int-ca/private/devstack-cert.key {{(pid=98520) log_opt_values /opt/stack/data/venv/lib/python3.13/site-packages/oslo_config/cfg.py:3006}}
Apr 14 22:33:54.603261 npc99a84aae6d34 neutron-periodic-workers[98520]: DEBUG cotyledon.oslo_config_glue [-] ovn.ovs_create_tap = False {{(pid=98520) log_opt_values /opt/stack/data/venv/lib/python3.13/site-packages/oslo_config/cfg.py:3006}}
Apr 14 22:33:54.603386 npc99a84aae6d34 neutron-periodic-workers[98520]: DEBUG cotyledon.oslo_config_glue [-] ovn.ovsdb_connection_timeout = 180 {{(pid=98520) log_opt_values /opt/stack/data/venv/lib/python3.13/site-packages/oslo_config/cfg.py:3006}}
Apr 14 22:33:54.603497 npc99a84aae6d34 neutron-periodic-workers[98520]: DEBUG cotyledon.oslo_config_glue [-] ovn.ovsdb_log_level = INFO {{(pid=98520) log_opt_values /opt/stack/data/venv/lib/python3.13/site-packages/oslo_config/cfg.py:3006}}
Apr 14 22:33:54.603606 npc99a84aae6d34 neutron-periodic-workers[98520]: DEBUG cotyledon.oslo_config_glue [-] ovn.ovsdb_probe_interval = 60000 {{(pid=98520) log_opt_values /opt/stack/data/venv/lib/python3.13/site-packages/oslo_config/cfg.py:3006}}
Apr 14 22:33:54.603732 npc99a84aae6d34 neutron-periodic-workers[98520]: DEBUG cotyledon.oslo_config_glue [-] ovn.ovsdb_retry_max_interval = 180 {{(pid=98520) log_opt_values /opt/stack/data/venv/lib/python3.13/site-packages/oslo_config/cfg.py:3006}}
Apr 14 22:33:54.603855 npc99a84aae6d34 neutron-periodic-workers[98520]: DEBUG cotyledon.oslo_config_glue [-] ovn.stateless_nat_enabled = False {{(pid=98520) log_opt_values /opt/stack/data/venv/lib/python3.13/site-packages/oslo_config/cfg.py:3006}}
Apr 14 22:33:54.603981 npc99a84aae6d34 neutron-periodic-workers[98520]: DEBUG cotyledon.oslo_config_glue [-] ovn.vhost_sock_dir = /var/run/openvswitch {{(pid=98520) log_opt_values /opt/stack/data/venv/lib/python3.13/site-packages/oslo_config/cfg.py:3006}}
Apr 14 22:33:54.604137 npc99a84aae6d34 neutron-periodic-workers[98520]: DEBUG cotyledon.oslo_config_glue [-] OVS.bridge_mac_table_size = 50000 {{(pid=98520) log_opt_values /opt/stack/data/venv/lib/python3.13/site-packages/oslo_config/cfg.py:3006}}
Apr 14 22:33:54.604249 npc99a84aae6d34 neutron-periodic-workers[98520]: DEBUG cotyledon.oslo_config_glue [-] OVS.igmp_flood = False {{(pid=98520) log_opt_values /opt/stack/data/venv/lib/python3.13/site-packages/oslo_config/cfg.py:3006}}
Apr 14 22:33:54.604378 npc99a84aae6d34 neutron-periodic-workers[98520]: DEBUG cotyledon.oslo_config_glue [-] OVS.igmp_flood_reports = True {{(pid=98520) log_opt_values /opt/stack/data/venv/lib/python3.13/site-packages/oslo_config/cfg.py:3006}}
Apr 14 22:33:54.604518 npc99a84aae6d34 neutron-periodic-workers[98520]: DEBUG cotyledon.oslo_config_glue [-] OVS.igmp_flood_unregistered = False {{(pid=98520) log_opt_values /opt/stack/data/venv/lib/python3.13/site-packages/oslo_config/cfg.py:3006}}
Apr 14 22:33:54.604635 npc99a84aae6d34 neutron-periodic-workers[98520]: DEBUG cotyledon.oslo_config_glue [-] OVS.igmp_snooping_enable = False {{(pid=98520) log_opt_values /opt/stack/data/venv/lib/python3.13/site-packages/oslo_config/cfg.py:3006}}
Apr 14 22:33:54.604811 npc99a84aae6d34 neutron-periodic-workers[98520]: DEBUG cotyledon.oslo_config_glue [-] OVS.ovsdb_timeout = 10 {{(pid=98520) log_opt_values /opt/stack/data/venv/lib/python3.13/site-packages/oslo_config/cfg.py:3006}}
Apr 14 22:33:54.604919 npc99a84aae6d34 neutron-periodic-workers[98520]: DEBUG cotyledon.oslo_config_glue [-] ovn_nb_global.fdb_removal_limit = 0 {{(pid=98520) log_opt_values /opt/stack/data/venv/lib/python3.13/site-packages/oslo_config/cfg.py:3006}}
Apr 14 22:33:54.605063 npc99a84aae6d34 neutron-periodic-workers[98520]: DEBUG cotyledon.oslo_config_glue [-] ovn_nb_global.ignore_lsp_down = False {{(pid=98520) log_opt_values /opt/stack/data/venv/lib/python3.13/site-packages/oslo_config/cfg.py:3006}}
Apr 14 22:33:54.605185 npc99a84aae6d34 neutron-periodic-workers[98520]: DEBUG cotyledon.oslo_config_glue [-] ovn_nb_global.mac_binding_removal_limit = 0 {{(pid=98520) log_opt_values /opt/stack/data/venv/lib/python3.13/site-packages/oslo_config/cfg.py:3006}}
Apr 14 22:33:54.605296 npc99a84aae6d34 neutron-periodic-workers[98520]: DEBUG cotyledon.oslo_config_glue [-] ******************************************************************************** {{(pid=98520) log_opt_values /opt/stack/data/venv/lib/python3.13/site-packages/oslo_config/cfg.py:3013}}
Apr 14 22:33:54.605536 npc99a84aae6d34 neutron-periodic-workers[98520]: DEBUG cotyledon._service_worker [-] Run service ServiceWrapper(0) [98520] {{(pid=98520) wait_forever /opt/stack/data/venv/lib/python3.13/site-packages/cotyledon/_service_worker.py:218}}
Apr 14 22:34:04.096593 npc99a84aae6d34 neutron-periodic-workers[97349]: DEBUG dbcounter [-] [97349] Writing DB stats neutron:SELECT=4 {{(pid=97349) stat_writer /opt/stack/data/venv/lib/python3.13/site-packages/dbcounter.py:115}}
Apr 14 22:34:54.557806 npc99a84aae6d34 neutron-periodic-workers[98512]: DEBUG oslo_db.sqlalchemy.engines [None req-4d7fb020-fa14-426b-9f04-4d47a6379da4 None None] Parent process 97349 forked (98512) with an open database connection, which is being discarded and recreated. {{(pid=98512) checkout /opt/stack/data/venv/lib/python3.13/site-packages/oslo_db/sqlalchemy/engines.py:402}}
Apr 14 22:34:54.574821 npc99a84aae6d34 neutron-periodic-workers[98512]: DEBUG dbcounter [-] [98512] Writer thread running {{(pid=98512) stat_writer /opt/stack/data/venv/lib/python3.13/site-packages/dbcounter.py:102}}
Apr 14 22:34:54.592985 npc99a84aae6d34 neutron-periodic-workers[98512]: DEBUG oslo.service.backend._threading.loopingcall [None req-4d7fb020-fa14-426b-9f04-4d47a6379da4 None None] Fixed interval looping call 'neutron.plugins.ml2.plugin.DhcpAgentSchedulerDbMixin.remove_networks_from_down_agents' sleeping for 36.96 seconds {{(pid=98512) _run_loop /opt/stack/data/venv/lib/python3.13/site-packages/oslo_service/backend/_threading/loopingcall.py:125}}
Apr 14 22:35:00.628574 npc99a84aae6d34 neutron-periodic-workers[98520]: DEBUG dbcounter [-] [98520] Writer thread running {{(pid=98520) stat_writer /opt/stack/data/venv/lib/python3.13/site-packages/dbcounter.py:102}}
Apr 14 22:35:00.635658 npc99a84aae6d34 neutron-periodic-workers[98520]: DEBUG neutron.db.agents_db [None req-b84310ad-4353-4aa2-bcaf-bdf5373cdc9e None None] Agent healthcheck: found 0 active agents {{(pid=98520) agent_health_check /opt/stack/neutron/neutron/db/agents_db.py:317}}
Apr 14 22:35:00.635988 npc99a84aae6d34 neutron-periodic-workers[98520]: DEBUG oslo.service.backend._threading.loopingcall [None req-b84310ad-4353-4aa2-bcaf-bdf5373cdc9e None None] Fixed interval looping call 'neutron.plugins.ml2.plugin.AgentDbMixin.agent_health_check' sleeping for 36.97 seconds {{(pid=98520) _run_loop /opt/stack/data/venv/lib/python3.13/site-packages/oslo_service/backend/_threading/loopingcall.py:125}}
Apr 14 22:35:04.591666 npc99a84aae6d34 neutron-periodic-workers[98512]: DEBUG dbcounter [-] [98512] Writing DB stats neutron:SELECT=3 {{(pid=98512) stat_writer /opt/stack/data/venv/lib/python3.13/site-packages/dbcounter.py:115}}
Apr 14 22:35:10.630239 npc99a84aae6d34 neutron-periodic-workers[98520]: DEBUG dbcounter [-] [98520] Writing DB stats neutron:SELECT=1 {{(pid=98520) stat_writer /opt/stack/data/venv/lib/python3.13/site-packages/dbcounter.py:115}}
Apr 14 22:35:31.569893 npc99a84aae6d34 neutron-periodic-workers[98512]: DEBUG oslo.service.backend._threading.loopingcall [None req-4d7fb020-fa14-426b-9f04-4d47a6379da4 None None] Fixed interval looping call 'neutron.plugins.ml2.plugin.DhcpAgentSchedulerDbMixin.remove_networks_from_down_agents' sleeping for 36.98 seconds {{(pid=98512) _run_loop /opt/stack/data/venv/lib/python3.13/site-packages/oslo_service/backend/_threading/loopingcall.py:125}}
Apr 14 22:35:37.619454 npc99a84aae6d34 neutron-periodic-workers[98520]: DEBUG neutron.db.agents_db [None req-b84310ad-4353-4aa2-bcaf-bdf5373cdc9e None None] Agent healthcheck: found 0 active agents {{(pid=98520) agent_health_check /opt/stack/neutron/neutron/db/agents_db.py:317}}
Apr 14 22:35:37.619995 npc99a84aae6d34 neutron-periodic-workers[98520]: DEBUG oslo.service.backend._threading.loopingcall [None req-b84310ad-4353-4aa2-bcaf-bdf5373cdc9e None None] Fixed interval looping call 'neutron.plugins.ml2.plugin.AgentDbMixin.agent_health_check' sleeping for 36.99 seconds {{(pid=98520) _run_loop /opt/stack/data/venv/lib/python3.13/site-packages/oslo_service/backend/_threading/loopingcall.py:125}}
Apr 14 22:35:41.567766 npc99a84aae6d34 neutron-periodic-workers[98512]: DEBUG dbcounter [-] [98512] Writing DB stats neutron:SELECT=3 {{(pid=98512) stat_writer /opt/stack/data/venv/lib/python3.13/site-packages/dbcounter.py:115}}
Apr 14 22:35:47.613434 npc99a84aae6d34 neutron-periodic-workers[98520]: DEBUG dbcounter [-] [98520] Writing DB stats neutron:SELECT=1 {{(pid=98520) stat_writer /opt/stack/data/venv/lib/python3.13/site-packages/dbcounter.py:115}}
Apr 14 22:35:54.586541 npc99a84aae6d34 neutron-periodic-workers[98524]: DEBUG dbcounter [-] [98524] Writer thread running {{(pid=98524) stat_writer /opt/stack/data/venv/lib/python3.13/site-packages/dbcounter.py:102}}
Apr 14 22:35:54.590978 npc99a84aae6d34 neutron-periodic-workers[98524]: DEBUG oslo.service.backend._threading.loopingcall [None req-dfdfa238-f9a1-48e7-bf97-e4f73840af79 None None] Fixed interval looping call 'neutron.db.quota.driver_nolock.DbQuotaNoLockDriver._remove_expired_reservations' sleeping for 119.96 seconds {{(pid=98524) _run_loop /opt/stack/data/venv/lib/python3.13/site-packages/oslo_service/backend/_threading/loopingcall.py:125}}
Apr 14 22:36:04.587686 npc99a84aae6d34 neutron-periodic-workers[98524]: DEBUG dbcounter [-] [98524] Writing DB stats neutron:DELETE=1 {{(pid=98524) stat_writer /opt/stack/data/venv/lib/python3.13/site-packages/dbcounter.py:115}}
Apr 14 22:36:08.569539 npc99a84aae6d34 neutron-periodic-workers[98512]: DEBUG oslo.service.backend._threading.loopingcall [None req-4d7fb020-fa14-426b-9f04-4d47a6379da4 None None] Fixed interval looping call 'neutron.plugins.ml2.plugin.DhcpAgentSchedulerDbMixin.remove_networks_from_down_agents' sleeping for 36.98 seconds {{(pid=98512) _run_loop /opt/stack/data/venv/lib/python3.13/site-packages/oslo_service/backend/_threading/loopingcall.py:125}}
Apr 14 22:36:14.618321 npc99a84aae6d34 neutron-periodic-workers[98520]: DEBUG neutron.db.agents_db [None req-b84310ad-4353-4aa2-bcaf-bdf5373cdc9e None None] Agent healthcheck: found 0 active agents {{(pid=98520) agent_health_check /opt/stack/neutron/neutron/db/agents_db.py:317}}
Apr 14 22:36:14.618321 npc99a84aae6d34 neutron-periodic-workers[98520]: DEBUG oslo.service.backend._threading.loopingcall [None req-b84310ad-4353-4aa2-bcaf-bdf5373cdc9e None None] Fixed interval looping call 'neutron.plugins.ml2.plugin.AgentDbMixin.agent_health_check' sleeping for 36.99 seconds {{(pid=98520) _run_loop /opt/stack/data/venv/lib/python3.13/site-packages/oslo_service/backend/_threading/loopingcall.py:125}}
Apr 14 22:36:18.567257 npc99a84aae6d34 neutron-periodic-workers[98512]: DEBUG dbcounter [-] [98512] Writing DB stats neutron:SELECT=3 {{(pid=98512) stat_writer /opt/stack/data/venv/lib/python3.13/site-packages/dbcounter.py:115}}
Apr 14 22:36:24.615032 npc99a84aae6d34 neutron-periodic-workers[98520]: DEBUG dbcounter [-] [98520] Writing DB stats neutron:SELECT=1 {{(pid=98520) stat_writer /opt/stack/data/venv/lib/python3.13/site-packages/dbcounter.py:115}}
Apr 14 22:36:45.570172 npc99a84aae6d34 neutron-periodic-workers[98512]: DEBUG oslo.service.backend._threading.loopingcall [None req-4d7fb020-fa14-426b-9f04-4d47a6379da4 None None] Fixed interval looping call 'neutron.plugins.ml2.plugin.DhcpAgentSchedulerDbMixin.remove_networks_from_down_agents' sleeping for 36.98 seconds {{(pid=98512) _run_loop /opt/stack/data/venv/lib/python3.13/site-packages/oslo_service/backend/_threading/loopingcall.py:125}}
Apr 14 22:36:51.622069 npc99a84aae6d34 neutron-periodic-workers[98520]: DEBUG neutron.db.agents_db [None req-b84310ad-4353-4aa2-bcaf-bdf5373cdc9e None None] Agent healthcheck: found 0 active agents {{(pid=98520) agent_health_check /opt/stack/neutron/neutron/db/agents_db.py:317}}
Apr 14 22:36:51.622993 npc99a84aae6d34 neutron-periodic-workers[98520]: DEBUG oslo.service.backend._threading.loopingcall [None req-b84310ad-4353-4aa2-bcaf-bdf5373cdc9e None None] Fixed interval looping call 'neutron.plugins.ml2.plugin.AgentDbMixin.agent_health_check' sleeping for 36.99 seconds {{(pid=98520) _run_loop /opt/stack/data/venv/lib/python3.13/site-packages/oslo_service/backend/_threading/loopingcall.py:125}}
Apr 14 22:36:55.567387 npc99a84aae6d34 neutron-periodic-workers[98512]: DEBUG dbcounter [-] [98512] Writing DB stats neutron:SELECT=3 {{(pid=98512) stat_writer /opt/stack/data/venv/lib/python3.13/site-packages/dbcounter.py:115}}
Apr 14 22:37:01.619179 npc99a84aae6d34 neutron-periodic-workers[98520]: DEBUG dbcounter [-] [98520] Writing DB stats neutron:SELECT=1 {{(pid=98520) stat_writer /opt/stack/data/venv/lib/python3.13/site-packages/dbcounter.py:115}}
Apr 14 22:37:22.565271 npc99a84aae6d34 neutron-periodic-workers[98512]: DEBUG oslo.service.backend._threading.loopingcall [None req-4d7fb020-fa14-426b-9f04-4d47a6379da4 None None] Fixed interval looping call 'neutron.plugins.ml2.plugin.DhcpAgentSchedulerDbMixin.remove_networks_from_down_agents' sleeping for 36.99 seconds {{(pid=98512) _run_loop /opt/stack/data/venv/lib/python3.13/site-packages/oslo_service/backend/_threading/loopingcall.py:125}}
Apr 14 22:37:28.625040 npc99a84aae6d34 neutron-periodic-workers[98520]: DEBUG neutron.db.agents_db [None req-b84310ad-4353-4aa2-bcaf-bdf5373cdc9e None None] Agent healthcheck: found 0 active agents {{(pid=98520) agent_health_check /opt/stack/neutron/neutron/db/agents_db.py:317}}
Apr 14 22:37:28.625578 npc99a84aae6d34 neutron-periodic-workers[98520]: DEBUG oslo.service.backend._threading.loopingcall [None req-b84310ad-4353-4aa2-bcaf-bdf5373cdc9e None None] Fixed interval looping call 'neutron.plugins.ml2.plugin.AgentDbMixin.agent_health_check' sleeping for 36.99 seconds {{(pid=98520) _run_loop /opt/stack/data/venv/lib/python3.13/site-packages/oslo_service/backend/_threading/loopingcall.py:125}}
Apr 14 22:37:32.563780 npc99a84aae6d34 neutron-periodic-workers[98512]: DEBUG dbcounter [-] [98512] Writing DB stats neutron:SELECT=3 {{(pid=98512) stat_writer /opt/stack/data/venv/lib/python3.13/site-packages/dbcounter.py:115}}
Apr 14 22:37:38.622319 npc99a84aae6d34 neutron-periodic-workers[98520]: DEBUG dbcounter [-] [98520] Writing DB stats neutron:SELECT=1 {{(pid=98520) stat_writer /opt/stack/data/venv/lib/python3.13/site-packages/dbcounter.py:115}}
Apr 14 22:37:54.563417 npc99a84aae6d34 neutron-periodic-workers[98524]: DEBUG oslo.service.backend._threading.loopingcall [None req-dfdfa238-f9a1-48e7-bf97-e4f73840af79 None None] Fixed interval looping call 'neutron.db.quota.driver_nolock.DbQuotaNoLockDriver._remove_expired_reservations' sleeping for 119.99 seconds {{(pid=98524) _run_loop /opt/stack/data/venv/lib/python3.13/site-packages/oslo_service/backend/_threading/loopingcall.py:125}}
Apr 14 22:37:59.578283 npc99a84aae6d34 neutron-periodic-workers[98512]: DEBUG oslo.service.backend._threading.loopingcall [None req-4d7fb020-fa14-426b-9f04-4d47a6379da4 None None] Fixed interval looping call 'neutron.plugins.ml2.plugin.DhcpAgentSchedulerDbMixin.remove_networks_from_down_agents' sleeping for 36.98 seconds {{(pid=98512) _run_loop /opt/stack/data/venv/lib/python3.13/site-packages/oslo_service/backend/_threading/loopingcall.py:125}}
Apr 14 22:38:04.562744 npc99a84aae6d34 neutron-periodic-workers[98524]: DEBUG dbcounter [-] [98524] Writing DB stats neutron:DELETE=1 {{(pid=98524) stat_writer /opt/stack/data/venv/lib/python3.13/site-packages/dbcounter.py:115}}
Apr 14 22:38:05.629387 npc99a84aae6d34 neutron-periodic-workers[98520]: DEBUG neutron.db.agents_db [None req-b84310ad-4353-4aa2-bcaf-bdf5373cdc9e None None] Agent healthcheck: found 0 active agents {{(pid=98520) agent_health_check /opt/stack/neutron/neutron/db/agents_db.py:317}}
Apr 14 22:38:05.629387 npc99a84aae6d34 neutron-periodic-workers[98520]: DEBUG oslo.service.backend._threading.loopingcall [None req-b84310ad-4353-4aa2-bcaf-bdf5373cdc9e None None] Fixed interval looping call 'neutron.plugins.ml2.plugin.AgentDbMixin.agent_health_check' sleeping for 36.99 seconds {{(pid=98520) _run_loop /opt/stack/data/venv/lib/python3.13/site-packages/oslo_service/backend/_threading/loopingcall.py:125}}
Apr 14 22:38:09.575239 npc99a84aae6d34 neutron-periodic-workers[98512]: DEBUG dbcounter [-] [98512] Writing DB stats neutron:SELECT=3 {{(pid=98512) stat_writer /opt/stack/data/venv/lib/python3.13/site-packages/dbcounter.py:115}}
Apr 14 22:38:15.624911 npc99a84aae6d34 neutron-periodic-workers[98520]: DEBUG dbcounter [-] [98520] Writing DB stats neutron:SELECT=1 {{(pid=98520) stat_writer /opt/stack/data/venv/lib/python3.13/site-packages/dbcounter.py:115}}
Apr 14 22:38:28.645517 npc99a84aae6d34 neutron-periodic-workers[98532]: DEBUG dbcounter [-] [98532] Writer thread running {{(pid=98532) stat_writer /opt/stack/data/venv/lib/python3.13/site-packages/dbcounter.py:102}}
Apr 14 22:38:28.663877 npc99a84aae6d34 neutron-periodic-workers[98532]: DEBUG oslo.service.backend._threading.loopingcall [None req-05db440a-d044-45b1-b5c7-8d6465cb882d None None] Fixed interval looping call 'neutron.services.ovn_l3.plugin.L3_NAT_dbonly_mixin._clean_garbage' sleeping for 299.90 seconds {{(pid=98532) _run_loop /opt/stack/data/venv/lib/python3.13/site-packages/oslo_service/backend/_threading/loopingcall.py:125}}
Apr 14 22:38:36.573138 npc99a84aae6d34 neutron-periodic-workers[98512]: DEBUG oslo.service.backend._threading.loopingcall [None req-4d7fb020-fa14-426b-9f04-4d47a6379da4 None None] Fixed interval looping call 'neutron.plugins.ml2.plugin.DhcpAgentSchedulerDbMixin.remove_networks_from_down_agents' sleeping for 36.99 seconds {{(pid=98512) _run_loop /opt/stack/data/venv/lib/python3.13/site-packages/oslo_service/backend/_threading/loopingcall.py:125}}
Apr 14 22:38:38.646400 npc99a84aae6d34 neutron-periodic-workers[98532]: DEBUG dbcounter [-] [98532] Writing DB stats neutron:SELECT=1 {{(pid=98532) stat_writer /opt/stack/data/venv/lib/python3.13/site-packages/dbcounter.py:115}}
Apr 14 22:38:42.632987 npc99a84aae6d34 neutron-periodic-workers[98520]: DEBUG neutron.db.agents_db [None req-b84310ad-4353-4aa2-bcaf-bdf5373cdc9e None None] Agent healthcheck: found 0 active agents {{(pid=98520) agent_health_check /opt/stack/neutron/neutron/db/agents_db.py:317}}
Apr 14 22:38:42.635137 npc99a84aae6d34 neutron-periodic-workers[98520]: DEBUG oslo.service.backend._threading.loopingcall [None req-b84310ad-4353-4aa2-bcaf-bdf5373cdc9e None None] Fixed interval looping call 'neutron.plugins.ml2.plugin.AgentDbMixin.agent_health_check' sleeping for 36.99 seconds {{(pid=98520) _run_loop /opt/stack/data/venv/lib/python3.13/site-packages/oslo_service/backend/_threading/loopingcall.py:125}}
Apr 14 22:38:46.571679 npc99a84aae6d34 neutron-periodic-workers[98512]: DEBUG dbcounter [-] [98512] Writing DB stats neutron:SELECT=3 {{(pid=98512) stat_writer /opt/stack/data/venv/lib/python3.13/site-packages/dbcounter.py:115}}
Apr 14 22:38:52.630391 npc99a84aae6d34 neutron-periodic-workers[98520]: DEBUG dbcounter [-] [98520] Writing DB stats neutron:SELECT=1 {{(pid=98520) stat_writer /opt/stack/data/venv/lib/python3.13/site-packages/dbcounter.py:115}}
Apr 14 22:39:13.580373 npc99a84aae6d34 neutron-periodic-workers[98512]: DEBUG oslo.service.backend._threading.loopingcall [None req-4d7fb020-fa14-426b-9f04-4d47a6379da4 None None] Fixed interval looping call 'neutron.plugins.ml2.plugin.DhcpAgentSchedulerDbMixin.remove_networks_from_down_agents' sleeping for 36.98 seconds {{(pid=98512) _run_loop /opt/stack/data/venv/lib/python3.13/site-packages/oslo_service/backend/_threading/loopingcall.py:125}}
Apr 14 22:39:19.633008 npc99a84aae6d34 neutron-periodic-workers[98520]: DEBUG neutron.db.agents_db [None req-b84310ad-4353-4aa2-bcaf-bdf5373cdc9e None None] Agent healthcheck: found 0 active agents {{(pid=98520) agent_health_check /opt/stack/neutron/neutron/db/agents_db.py:317}}
Apr 14 22:39:19.633802 npc99a84aae6d34 neutron-periodic-workers[98520]: DEBUG oslo.service.backend._threading.loopingcall [None req-b84310ad-4353-4aa2-bcaf-bdf5373cdc9e None None] Fixed interval looping call 'neutron.plugins.ml2.plugin.AgentDbMixin.agent_health_check' sleeping for 36.99 seconds {{(pid=98520) _run_loop /opt/stack/data/venv/lib/python3.13/site-packages/oslo_service/backend/_threading/loopingcall.py:125}}
Apr 14 22:39:23.577444 npc99a84aae6d34 neutron-periodic-workers[98512]: DEBUG dbcounter [-] [98512] Writing DB stats neutron:SELECT=3 {{(pid=98512) stat_writer /opt/stack/data/venv/lib/python3.13/site-packages/dbcounter.py:115}}
Apr 14 22:39:29.629760 npc99a84aae6d34 neutron-periodic-workers[98520]: DEBUG dbcounter [-] [98520] Writing DB stats neutron:SELECT=1 {{(pid=98520) stat_writer /opt/stack/data/venv/lib/python3.13/site-packages/dbcounter.py:115}}
Apr 14 22:39:50.579971 npc99a84aae6d34 neutron-periodic-workers[98512]: DEBUG oslo.service.backend._threading.loopingcall [None req-4d7fb020-fa14-426b-9f04-4d47a6379da4 None None] Fixed interval looping call 'neutron.plugins.ml2.plugin.DhcpAgentSchedulerDbMixin.remove_networks_from_down_agents' sleeping for 36.98 seconds {{(pid=98512) _run_loop /opt/stack/data/venv/lib/python3.13/site-packages/oslo_service/backend/_threading/loopingcall.py:125}}
Apr 14 22:39:54.566811 npc99a84aae6d34 neutron-periodic-workers[98524]: DEBUG oslo.service.backend._threading.loopingcall [None req-dfdfa238-f9a1-48e7-bf97-e4f73840af79 None None] Fixed interval looping call 'neutron.db.quota.driver_nolock.DbQuotaNoLockDriver._remove_expired_reservations' sleeping for 119.99 seconds {{(pid=98524) _run_loop /opt/stack/data/venv/lib/python3.13/site-packages/oslo_service/backend/_threading/loopingcall.py:125}}
Apr 14 22:39:56.633505 npc99a84aae6d34 neutron-periodic-workers[98520]: DEBUG neutron.db.agents_db [None req-b84310ad-4353-4aa2-bcaf-bdf5373cdc9e None None] Agent healthcheck: found 0 active agents {{(pid=98520) agent_health_check /opt/stack/neutron/neutron/db/agents_db.py:317}}
Apr 14 22:39:56.634494 npc99a84aae6d34 neutron-periodic-workers[98520]: DEBUG oslo.service.backend._threading.loopingcall [None req-b84310ad-4353-4aa2-bcaf-bdf5373cdc9e None None] Fixed interval looping call 'neutron.plugins.ml2.plugin.AgentDbMixin.agent_health_check' sleeping for 36.99 seconds {{(pid=98520) _run_loop /opt/stack/data/venv/lib/python3.13/site-packages/oslo_service/backend/_threading/loopingcall.py:125}}
Apr 14 22:40:00.578032 npc99a84aae6d34 neutron-periodic-workers[98512]: DEBUG dbcounter [-] [98512] Writing DB stats neutron:SELECT=3 {{(pid=98512) stat_writer /opt/stack/data/venv/lib/python3.13/site-packages/dbcounter.py:115}}
Apr 14 22:40:04.563984 npc99a84aae6d34 neutron-periodic-workers[98524]: DEBUG dbcounter [-] [98524] Writing DB stats neutron:DELETE=1 {{(pid=98524) stat_writer /opt/stack/data/venv/lib/python3.13/site-packages/dbcounter.py:115}}
Apr 14 22:40:06.630972 npc99a84aae6d34 neutron-periodic-workers[98520]: DEBUG dbcounter [-] [98520] Writing DB stats neutron:SELECT=1 {{(pid=98520) stat_writer /opt/stack/data/venv/lib/python3.13/site-packages/dbcounter.py:115}}
Apr 14 22:40:27.576488 npc99a84aae6d34 neutron-periodic-workers[98512]: DEBUG oslo.service.backend._threading.loopingcall [None req-4d7fb020-fa14-426b-9f04-4d47a6379da4 None None] Fixed interval looping call 'neutron.plugins.ml2.plugin.DhcpAgentSchedulerDbMixin.remove_networks_from_down_agents' sleeping for 36.98 seconds {{(pid=98512) _run_loop /opt/stack/data/venv/lib/python3.13/site-packages/oslo_service/backend/_threading/loopingcall.py:125}}
Apr 14 22:40:33.630939 npc99a84aae6d34 neutron-periodic-workers[98520]: DEBUG neutron.db.agents_db [None req-b84310ad-4353-4aa2-bcaf-bdf5373cdc9e None None] Agent healthcheck: found 0 active agents {{(pid=98520) agent_health_check /opt/stack/neutron/neutron/db/agents_db.py:317}}
Apr 14 22:40:33.631786 npc99a84aae6d34 neutron-periodic-workers[98520]: DEBUG oslo.service.backend._threading.loopingcall [None req-b84310ad-4353-4aa2-bcaf-bdf5373cdc9e None None] Fixed interval looping call 'neutron.plugins.ml2.plugin.AgentDbMixin.agent_health_check' sleeping for 36.99 seconds {{(pid=98520) _run_loop /opt/stack/data/venv/lib/python3.13/site-packages/oslo_service/backend/_threading/loopingcall.py:125}}
Apr 14 22:40:37.574004 npc99a84aae6d34 neutron-periodic-workers[98512]: DEBUG dbcounter [-] [98512] Writing DB stats neutron:SELECT=3 {{(pid=98512) stat_writer /opt/stack/data/venv/lib/python3.13/site-packages/dbcounter.py:115}}
Apr 14 22:40:43.629486 npc99a84aae6d34 neutron-periodic-workers[98520]: DEBUG dbcounter [-] [98520] Writing DB stats neutron:SELECT=1 {{(pid=98520) stat_writer /opt/stack/data/venv/lib/python3.13/site-packages/dbcounter.py:115}}
Apr 14 22:41:04.572634 npc99a84aae6d34 neutron-periodic-workers[98512]: DEBUG oslo.service.backend._threading.loopingcall [None req-4d7fb020-fa14-426b-9f04-4d47a6379da4 None None] Fixed interval looping call 'neutron.plugins.ml2.plugin.DhcpAgentSchedulerDbMixin.remove_networks_from_down_agents' sleeping for 36.98 seconds {{(pid=98512) _run_loop /opt/stack/data/venv/lib/python3.13/site-packages/oslo_service/backend/_threading/loopingcall.py:125}}
